{"id":604,"date":"2021-03-02T13:57:03","date_gmt":"2021-03-02T12:57:03","guid":{"rendered":"https:\/\/armz.niemamweny.eu\/?page_id=604"},"modified":"2025-12-17T10:14:57","modified_gmt":"2025-12-17T10:14:57","slug":"rodo-2","status":"publish","type":"page","link":"https:\/\/armz.pl\/?page_id=604","title":{"rendered":"RODO"},"content":{"rendered":"<section class=\"wpb-content-wrapper\"><p>[vc_row][vc_column][vc_column_text]<\/p>\n<h2 style=\"text-align: center;\"><strong><span class=\"heavy_title\">Rozporz\u0105dzenie og\u00f3lne o ochronie danych osobowych<\/span><\/strong><\/h2>\n<p>[\/vc_column_text][\/vc_column][\/vc_row][vc_row][vc_column][vc_column_text]<\/p>\n<p style=\"text-align: center;\"><span style=\"font-size: 12pt;\"><strong>Co to jest \u201eRODO\u201d?<\/strong><\/span><\/p>\n<p>[\/vc_column_text][vc_column_text]<span style=\"font-size: 12pt;\">RODO jest powszechnie u\u017cywanym skr\u00f3tem, kt\u00f3ry odnosi si\u0119 do Rozporz\u0105dzenia Parlamentu Europejskiego i Rady (UE) 2016\/679 z dnia 27 kwietnia 2016 r. w sprawie ochrony os\u00f3b fizycznych w zwi\u0105zku z przetwarzaniem danych osobowych i w sprawie swobodnego przep\u0142ywu takich danych oraz uchylenia dyrektywy 95\/46\/WE.<\/span>[\/vc_column_text][\/vc_column][\/vc_row][vc_row][vc_column][vc_column_text]<\/p>\n<p style=\"text-align: center;\"><span style=\"font-size: 12pt;\"><strong>Jaki jest cel RODO?<\/strong><\/span><\/p>\n<p>[\/vc_column_text][vc_column_text]<span style=\"font-size: 12pt;\">Jednym z g\u0142\u00f3wnych cel\u00f3w regulacji jest ujednolicenie zasad przetwarzania danych osobowych we wszystkich Pa\u0144stwach UE, a tak\u017ce dostosowanie przepis\u00f3w do zmieniaj\u0105cych si\u0119 technologii przetwarzania danych osobowych.<\/span>[\/vc_column_text][\/vc_column][\/vc_row][vc_row][vc_column][vc_column_text]<\/p>\n<p style=\"text-align: center;\"><span style=\"font-size: 12pt;\"><strong>Od kiedy stosujemy RODO?<\/strong><\/span><\/p>\n<p>[\/vc_column_text][vc_column_text]<span style=\"font-size: 12pt;\">RODO stosowane jest od 25 maja 2018 r.<\/span>[\/vc_column_text][\/vc_column][\/vc_row][vc_row][vc_column][vc_column_text]<\/p>\n<p style=\"text-align: center;\"><span style=\"font-size: 12pt;\"><strong>Czy w Polce obowi\u0105zuj\u0105 krajowe akty prawne w ochronie danych osobowych?<\/strong><\/span><\/p>\n<p>[\/vc_column_text][vc_column_text]<span style=\"font-size: 12pt;\">Tak. Ustawa z dnia 10 maja 2018r. o ochronie danych osobowych.<\/span>[\/vc_column_text][\/vc_column][\/vc_row][vc_row][vc_column][vc_column_text]<\/p>\n<p style=\"text-align: center;\"><span style=\"font-size: 12pt;\"><strong>Czy w zwi\u0105zku z RODO trzeba si\u0119 skontaktowa\u0107 z ARMZ S.A.?<\/strong><\/span><\/p>\n<p>[\/vc_column_text][vc_column_text]<span style=\"font-size: 12pt;\">Nie. Nie ma konieczno\u015bci dodatkowego kontaktu z ARMZ S.A. W razie w\u0105tpliwo\u015bci jeste\u015bmy do Pa\u0144stwa dyspozycji. W szczeg\u00f3lno\u015bci we wszystkich sprawach zwi\u0105zanych z przetwarzaniem danych osobowych mo\u017cna kontaktowa\u0107 si\u0119 z nami poprzez email:\u00a0<a href=\"mailto:biuro@armz.pl\">biuro@armz.pl<\/a>, telefonicznie (32) 645 19 68 lub pisemnie na adres na adres Agencja Rozwoju Ma\u0142opolski Zachodniej S.A. ul. Grunwaldzka 5, 32-500 Chrzan\u00f3w.<\/span>[\/vc_column_text][\/vc_column][\/vc_row][vc_row][vc_column][vc_column_text]<\/p>\n<p style=\"text-align: center;\"><span style=\"font-size: 12pt;\"><strong>Czy mo\u017cna si\u0119 dowiedzie\u0107 jak ARMZ S.A. przetwarza dane osobowe?<\/strong><\/span><\/p>\n<p>[\/vc_column_text][vc_column_text]<span style=\"font-size: 12pt;\"><span style=\"box-sizing: inherit; -webkit-font-smoothing: antialiased; font-style: inherit; font-variant: inherit; font-weight: inherit; font-stretch: inherit; line-height: inherit;\">Tak. Na naszej stronie internetowej znajduje si\u0119 klauzula informacyjna dot. przetwarzania danych osobowych<\/span> (pliki do pobrania), w kt\u00f3rym zamie\u015bcili\u015bmy podstawowe informacje o zmianach, kt\u00f3re wprowadza RODO, ze szczeg\u00f3lnym uwzgl\u0119dnieniem informacji o nowych prawach os\u00f3b fizycznych, dane kt\u00f3rych s\u0105 przetwarzane w naszej firmie oraz informacji w jaki spos\u00f3b te dane przetwarzamy.<\/span>[\/vc_column_text][\/vc_column][\/vc_row][vc_row][vc_column][vc_column_text]<\/p>\n<h3><span style=\"font-size: 12pt;\">Kontakt do Inspektora Danych Osobowych:<\/span><br \/>\n<span style=\"font-size: 12pt;\">Aneta N\u0119dza &#8211; email: nedzaodo@interia.pl<\/span><\/h3>\n<h3 style=\"text-align: center;\"><strong><span class=\"heavy_title\">Do pobrania<\/span><\/strong><\/h3>\n<p>[\/vc_column_text][vc_column_text]<\/p>\n<ul>\n<li><span style=\"font-size: 12pt;\"><a href=\"https:\/\/armz.pl\/wp-content\/uploads\/2021\/03\/RODO_Informator.docx\">Klauzula informacyjna dot. przetwarzania danych osobowych<\/a><\/span><\/li>\n<li><span style=\"font-size: 12pt;\"><a href=\"https:\/\/armz.pl\/wp-content\/uploads\/2021\/03\/RODO_Facebook.docx\"> Klauzula informacyjna dotycz\u0105ca przetwarzania danych osobowych na fanpage\u2019u: Agencja Rozwoju Ma\u0142opolski Zachodniej S.A. na portalu Facebook<\/a><\/span><\/li>\n<li><a href=\"https:\/\/armz.pl\/wp-content\/uploads\/2025\/12\/Klauzula-informacyjna-ePuap-e-doreczenia-1.docx\"><span style=\"font-size: 12pt;\">Klauzula<\/span> informacyjna &#8211; ePuap, e-dor\u0119czenia<\/a><\/li>\n<li><a href=\"https:\/\/armz.pl\/wp-content\/uploads\/2022\/08\/Wniosek-kontaktowy.docx\"><span style=\"font-size: 12pt;\">Wniosek<\/span> kontaktowy<\/a><\/li>\n<\/ul>\n<p>[\/vc_column_text][\/vc_column][\/vc_row]<\/p>\n<\/section>","protected":false},"excerpt":{"rendered":"<p>[vc_row][vc_column][vc_column_text] Rozporz\u0105dzenie og\u00f3lne o ochronie danych osobowych [\/vc_column_text][\/vc_column][\/vc_row][vc_row][vc_column][vc_column_text] Co to jest \u201eRODO\u201d? [\/vc_column_text][vc_column_text]RODO jest powszechnie u\u017cywanym<\/p>\n","protected":false},"author":2,"featured_media":0,"parent":0,"menu_order":0,"comment_status":"closed","ping_status":"closed","template":"","meta":{"footnotes":""},"class_list":["post-604","page","type-page","status-publish","hentry"],"_links":{"self":[{"href":"https:\/\/armz.pl\/index.php?rest_route=\/wp\/v2\/pages\/604","targetHints":{"allow":["GET"]}}],"collection":[{"href":"https:\/\/armz.pl\/index.php?rest_route=\/wp\/v2\/pages"}],"about":[{"href":"https:\/\/armz.pl\/index.php?rest_route=\/wp\/v2\/types\/page"}],"author":[{"embeddable":true,"href":"https:\/\/armz.pl\/index.php?rest_route=\/wp\/v2\/users\/2"}],"replies":[{"embeddable":true,"href":"https:\/\/armz.pl\/index.php?rest_route=%2Fwp%2Fv2%2Fcomments&post=604"}],"version-history":[{"count":10,"href":"https:\/\/armz.pl\/index.php?rest_route=\/wp\/v2\/pages\/604\/revisions"}],"predecessor-version":[{"id":3766,"href":"https:\/\/armz.pl\/index.php?rest_route=\/wp\/v2\/pages\/604\/revisions\/3766"}],"wp:attachment":[{"href":"https:\/\/armz.pl\/index.php?rest_route=%2Fwp%2Fv2%2Fmedia&parent=604"}],"curies":[{"name":"wp","href":"https:\/\/api.w.org\/{rel}","templated":true}]}}