{"id":598,"date":"2021-03-02T13:43:34","date_gmt":"2021-03-02T12:43:34","guid":{"rendered":"https:\/\/armz.niemamweny.eu\/?page_id=598"},"modified":"2025-04-04T10:32:38","modified_gmt":"2025-04-04T10:32:38","slug":"generator-pozyczki-poir","status":"publish","type":"page","link":"https:\/\/armz.pl\/?page_id=598","title":{"rendered":"Generator po\u017cyczki POIR"},"content":{"rendered":"<section class=\"wpb-content-wrapper\"><p>[vc_row][vc_column][vc_column_text]<\/p>\n<h1 style=\"text-align: center;\"><strong><span style=\"font-size: 12pt;\">Generator wniosk\u00f3w po\u017cyczka p\u0142ynno\u015bciowa POIR<\/span><\/strong><\/h1>\n<p>[\/vc_column_text][\/vc_column][\/vc_row][vc_row][vc_column][vc_column_text]<span style=\"font-size: 12pt;\">Generator wniosk\u00f3w POIR: <a href=\"https:\/\/covid19armz.frrr.pl\/hagen\/clientStartPage.xhtml\" target=\"_blank\" rel=\"noopener\">https:\/\/covid19armz.frrr.pl\/hagen\/clientStartPage.xhtml<\/a><\/span>[\/vc_column_text][\/vc_column][\/vc_row][vc_row][vc_column][vc_column_text]<\/p>\n<h1><span style=\"font-size: 14pt;\"><strong>Instrukcja sk\u0142adania Wniosku o Po\u017cyczk\u0119 P\u0142ynno\u015bciow\u0105 w wersji elektronicznej za po\u015brednictwem Generatora Wniosk\u00f3w:<\/strong><\/span><\/h1>\n<p>[\/vc_column_text][\/vc_column][\/vc_row][vc_row][vc_column width=&#8221;1\/4&#8243;][vc_column_text]<\/p>\n<h1 style=\"text-align: right;\"><strong>KROK 1<\/strong><\/h1>\n<p>[\/vc_column_text][\/vc_column][vc_column width=&#8221;3\/4&#8243;][vc_column_text]<span style=\"font-size: 12pt;\">Po wej\u015bciu w link do Generatora nale\u017cy za\u0142o\u017cy\u0107 konto podaj\u0105c NIP i adres e-mail. Na podany adres e-mail przes\u0142any zostanie link w celu aktywowania konta (UWAGA: je\u017celi wiadomo\u015b\u0107 nie przyjdzie nale\u017cy sprawdzi\u0107 folder SPAM).<\/span>[\/vc_column_text][\/vc_column][\/vc_row][vc_row][vc_column width=&#8221;1\/4&#8243;][vc_column_text]<\/p>\n<h1 style=\"text-align: right;\"><strong>KROK 2<\/strong><\/h1>\n<p>[\/vc_column_text][\/vc_column][vc_column width=&#8221;3\/4&#8243;][vc_column_text]<span style=\"font-size: 12pt;\">Aby doko\u0144czy\u0107 rejestracje nale\u017cy poda\u0107 NIP oraz utworzy\u0107 has\u0142o do konta w generatorze Wniosk\u00f3w.<\/span>[\/vc_column_text][\/vc_column][\/vc_row][vc_row][vc_column width=&#8221;1\/4&#8243;][vc_column_text]<\/p>\n<h1 style=\"text-align: right;\"><strong>KROK 3<\/strong><\/h1>\n<p>[\/vc_column_text][\/vc_column][vc_column width=&#8221;3\/4&#8243;][vc_column_text]<span style=\"font-size: 12pt;\">Nale\u017cy zalogowa\u0107 si\u0119 do swojego konta w Generatorze podaj\u0105c sw\u00f3j NIP i utworzone has\u0142o.<\/span>[\/vc_column_text][\/vc_column][\/vc_row][vc_row][vc_column width=&#8221;1\/4&#8243;][vc_column_text]<\/p>\n<h1 style=\"text-align: right;\"><strong>KROK 4<\/strong><\/h1>\n<p>[\/vc_column_text][\/vc_column][vc_column width=&#8221;3\/4&#8243;][vc_column_text]<span style=\"font-size: 12pt;\">W celu aktywacji konta przy pierwszym logowaniu do systemu nale\u017cy uzupe\u0142ni\u0107 dane przedsi\u0119biorstwa oraz wyrazi\u0107 adekwatne zgody.<\/span>[\/vc_column_text][\/vc_column][\/vc_row][vc_row][vc_column width=&#8221;1\/4&#8243;][vc_column_text]<\/p>\n<h1 style=\"text-align: right;\"><strong>KROK 5<\/strong><\/h1>\n<p>[\/vc_column_text][\/vc_column][vc_column width=&#8221;3\/4&#8243;][vc_column_text]<span style=\"font-size: 12pt;\">W celu z\u0142o\u017cenia wniosku w generatorze nale\u017cy w opublikowanym naborze pn. \u201ePo\u017cyczka P\u0142ynno\u015bciowa POIR\u201d przej\u015b\u0107 do wype\u0142niania wniosku po\u017cyczkowego.<\/span><\/p>\n<p><span style=\"font-size: 12pt;\">Nale\u017cy wype\u0142nia\u0107 poszczeg\u00f3lne zak\u0142adki po kolei.\u00a0<strong>Dane zapisuj\u0105 si\u0119 automatycznie, nast\u0119puje to dopiero po przej\u015bciu do kolejnej zak\u0142adki.<\/strong><\/span><\/p>\n<p><span style=\"font-size: 12pt;\">Do wniosku nale\u017cy za\u0142\u0105czy\u0107:<\/span><\/p>\n<ul>\n<li><span style=\"font-size: 12pt;\">Formularze: nale\u017cy pobra\u0107 ze strony, wype\u0142ni\u0107 komputerowo, wydrukowa\u0107, podpisa\u0107, zeskanowa\u0107, zapisa\u0107 w formacie pdf i za\u0142\u0105czy\u0107 do generatora.<\/span><\/li>\n<li><span style=\"font-size: 12pt;\">Za\u0142\u0105czniki: zeskanowa\u0107, zapisa\u0107 w formacie pdf i za\u0142\u0105czy\u0107 do generatora.<\/span><\/li>\n<\/ul>\n<p><span style=\"font-size: 12pt;\">Dopuszczalne jest za\u0142\u0105czenie plik\u00f3w o obj\u0119to\u015bci\u0105 nie wi\u0119kszej ni\u017c 5 MB. W przypadku wi\u0119kszych plik\u00f3w nale\u017cy dokument skompresowa\u0107 (spakowa\u0107 do formatu ZIP lub inny) .<\/span><\/p>\n<p><span style=\"font-size: 12pt;\">Wype\u0142niony wniosek przed wys\u0142aniem mo\u017cna edytowa\u0107 oraz pobra\u0107 wydruk jako dokument pogl\u0105dowy.<\/span>[\/vc_column_text][\/vc_column][\/vc_row][vc_row][vc_column width=&#8221;1\/4&#8243;][vc_column_text]<\/p>\n<h1 style=\"text-align: right;\"><strong>KROK 6<\/strong><\/h1>\n<p>[\/vc_column_text][\/vc_column][vc_column width=&#8221;3\/4&#8243;][vc_column_text]<span style=\"font-size: 12pt;\">Wype\u0142niony wniosek wraz z za\u0142\u0105cznikami nale\u017cy wys\u0142a\u0107 za pomoc\u0105 przycisku WY\u015aLIJ.<\/span><\/p>\n<p><span style=\"font-size: 12pt;\">Wniosek mo\u017ce by\u0107 wys\u0142any najwcze\u015bniej w momencie uruchomienia naboru.<\/span>[\/vc_column_text][\/vc_column][\/vc_row]<\/p>\n<\/section>","protected":false},"excerpt":{"rendered":"<p>[vc_row][vc_column][vc_column_text] Generator wniosk\u00f3w po\u017cyczka p\u0142ynno\u015bciowa POIR [\/vc_column_text][\/vc_column][\/vc_row][vc_row][vc_column][vc_column_text]Generator wniosk\u00f3w POIR: https:\/\/covid19armz.frrr.pl\/hagen\/clientStartPage.xhtml[\/vc_column_text][\/vc_column][\/vc_row][vc_row][vc_column][vc_column_text] Instrukcja sk\u0142adania Wniosku o Po\u017cyczk\u0119 P\u0142ynno\u015bciow\u0105<\/p>\n","protected":false},"author":2,"featured_media":0,"parent":559,"menu_order":0,"comment_status":"closed","ping_status":"closed","template":"","meta":{"footnotes":""},"class_list":["post-598","page","type-page","status-publish","hentry"],"_links":{"self":[{"href":"https:\/\/armz.pl\/index.php?rest_route=\/wp\/v2\/pages\/598","targetHints":{"allow":["GET"]}}],"collection":[{"href":"https:\/\/armz.pl\/index.php?rest_route=\/wp\/v2\/pages"}],"about":[{"href":"https:\/\/armz.pl\/index.php?rest_route=\/wp\/v2\/types\/page"}],"author":[{"embeddable":true,"href":"https:\/\/armz.pl\/index.php?rest_route=\/wp\/v2\/users\/2"}],"replies":[{"embeddable":true,"href":"https:\/\/armz.pl\/index.php?rest_route=%2Fwp%2Fv2%2Fcomments&post=598"}],"version-history":[{"count":2,"href":"https:\/\/armz.pl\/index.php?rest_route=\/wp\/v2\/pages\/598\/revisions"}],"predecessor-version":[{"id":3626,"href":"https:\/\/armz.pl\/index.php?rest_route=\/wp\/v2\/pages\/598\/revisions\/3626"}],"up":[{"embeddable":true,"href":"https:\/\/armz.pl\/index.php?rest_route=\/wp\/v2\/pages\/559"}],"wp:attachment":[{"href":"https:\/\/armz.pl\/index.php?rest_route=%2Fwp%2Fv2%2Fmedia&parent=598"}],"curies":[{"name":"wp","href":"https:\/\/api.w.org\/{rel}","templated":true}]}}