{"id":592,"date":"2021-03-02T13:39:01","date_gmt":"2021-03-02T12:39:01","guid":{"rendered":"https:\/\/armz.niemamweny.eu\/?page_id=592"},"modified":"2021-04-19T08:11:50","modified_gmt":"2021-04-19T08:11:50","slug":"wyniki-naboru-poir","status":"publish","type":"page","link":"https:\/\/armz.pl\/?page_id=592","title":{"rendered":"Wyniki naboru POIR"},"content":{"rendered":"<section class=\"wpb-content-wrapper\"><p>[vc_row][vc_column][vc_column_text]<\/p>\n<h3 style=\"text-align: center;\"><strong>Z\u0142o\u017cone wnioski o Po\u017cyczk\u0119 P\u0142ynno\u015bciow\u0105 POIR:<\/strong><\/h3>\n<p>[\/vc_column_text][vc_column_text]<span style=\"font-size: 12pt;\">Poni\u017cej znajduj\u0105 si\u0119 pliki w formacie PDF z listami os\u00f3b kt\u00f3re s\u0105 na li\u015bcie podstawowej i rezerwowej.<\/span><\/p>\n<ul>\n<li><span style=\"font-size: 12pt;\"><a href=\"https:\/\/armz.pl\/wp-content\/uploads\/2021\/03\/POIR_Lista_Podstawowa.pdf\" target=\"_blank\" rel=\"noopener\">Lista podstawowa<\/a><\/span><\/li>\n<li><span style=\"font-size: 12pt;\"><a href=\"https:\/\/armz.pl\/wp-content\/uploads\/2021\/03\/POIR_Lista_Rezerwowa.pdf\" target=\"_blank\" rel=\"noopener\">Lista rezerwowa<\/a><\/span><\/li>\n<\/ul>\n<p>[\/vc_column_text][\/vc_column][\/vc_row]<\/p>\n<\/section>","protected":false},"excerpt":{"rendered":"<p>[vc_row][vc_column][vc_column_text] Z\u0142o\u017cone wnioski o Po\u017cyczk\u0119 P\u0142ynno\u015bciow\u0105 POIR: [\/vc_column_text][vc_column_text]Poni\u017cej znajduj\u0105 si\u0119 pliki w formacie PDF z listami<\/p>\n","protected":false},"author":2,"featured_media":0,"parent":559,"menu_order":0,"comment_status":"closed","ping_status":"closed","template":"","meta":{"footnotes":""},"class_list":["post-592","page","type-page","status-publish","hentry"],"_links":{"self":[{"href":"https:\/\/armz.pl\/index.php?rest_route=\/wp\/v2\/pages\/592","targetHints":{"allow":["GET"]}}],"collection":[{"href":"https:\/\/armz.pl\/index.php?rest_route=\/wp\/v2\/pages"}],"about":[{"href":"https:\/\/armz.pl\/index.php?rest_route=\/wp\/v2\/types\/page"}],"author":[{"embeddable":true,"href":"https:\/\/armz.pl\/index.php?rest_route=\/wp\/v2\/users\/2"}],"replies":[{"embeddable":true,"href":"https:\/\/armz.pl\/index.php?rest_route=%2Fwp%2Fv2%2Fcomments&post=592"}],"version-history":[{"count":1,"href":"https:\/\/armz.pl\/index.php?rest_route=\/wp\/v2\/pages\/592\/revisions"}],"predecessor-version":[{"id":1149,"href":"https:\/\/armz.pl\/index.php?rest_route=\/wp\/v2\/pages\/592\/revisions\/1149"}],"up":[{"embeddable":true,"href":"https:\/\/armz.pl\/index.php?rest_route=\/wp\/v2\/pages\/559"}],"wp:attachment":[{"href":"https:\/\/armz.pl\/index.php?rest_route=%2Fwp%2Fv2%2Fmedia&parent=592"}],"curies":[{"name":"wp","href":"https:\/\/api.w.org\/{rel}","templated":true}]}}