{"id":3778,"date":"2025-12-22T12:13:05","date_gmt":"2025-12-22T12:13:05","guid":{"rendered":"https:\/\/armz.pl\/?page_id=3778"},"modified":"2026-03-19T08:59:29","modified_gmt":"2026-03-19T08:59:29","slug":"dokumenty-rekrutacyjne-3","status":"publish","type":"page","link":"https:\/\/armz.pl\/?page_id=3778","title":{"rendered":"Dokumenty rekrutacyjne"},"content":{"rendered":"<p>Nab\u00f3r w ramach projektu\u00a0 prowadzony jest w formule ci\u0105g\u0142ej w rundach miesi\u0119cznych i trwa od 01 grudnia 2025 r. do 31 lipca 2028 r. do godziny 15:00.<\/p>\n<p data-start=\"205\" data-end=\"450\">Aby zg\u0142osi\u0107 si\u0119 do udzia\u0142u w projekcie \u201eGoExport Ma\u0142opolska\u201d, przedsi\u0119biorca zobowi\u0105zany jest do z\u0142o\u017cenia kompletu dokument\u00f3w rekrutacyjnych, zgodnie z zasadami okre\u015blonymi w Regulaminie rekrutacji i uczestnictwa.<\/p>\n<p data-start=\"452\" data-end=\"559\">Podstaw\u0105 udzia\u0142u w naborze jest Formularz rekrutacyjny wraz z wymaganymi za\u0142\u0105cznikami, w szczeg\u00f3lno\u015bci:<\/p>\n<ul data-start=\"560\" data-end=\"1001\">\n<li data-start=\"524\" data-end=\"566\">\n<p data-start=\"526\" data-end=\"566\">o\u015bwiadczeniem o pomocy de minimis,<\/p>\n<\/li>\n<li data-start=\"567\" data-end=\"652\">\n<p data-start=\"569\" data-end=\"652\">formularzem informacji przedstawianych przy ubieganiu si\u0119 o pomoc de minimis<\/p>\n<\/li>\n<li data-start=\"560\" data-end=\"626\">\n<p data-start=\"562\" data-end=\"626\">dokumentem potwierdzaj\u0105cym wpis do CEIDG lub KRS,<\/p>\n<\/li>\n<li data-start=\"683\" data-end=\"778\">\n<p data-start=\"685\" data-end=\"778\">o\u015bwiadczeniem o spe\u0142nianiu kryteri\u00f3w mikro-, ma\u0142ego lub \u015bredniego przedsi\u0119biorstwa (M\u015aP),<\/p>\n<\/li>\n<li data-start=\"779\" data-end=\"905\">\n<p data-start=\"781\" data-end=\"905\">dokumentami finansowymi (PIT lub CIT) \u2013 w przypadku przedsi\u0119biorstw, kt\u00f3re nie prowadzi\u0142y dotychczas sprzeda\u017cy zagranicznej,<\/p>\n<\/li>\n<li data-start=\"906\" data-end=\"1001\">\n<p data-start=\"908\" data-end=\"1001\">pe\u0142nomocnictwem \u2013 je\u017celi dokumenty podpisywane s\u0105 przez osob\u0119 inn\u0105 ni\u017c wskazana w rejestrach.<\/p>\n<\/li>\n<\/ul>\n<p>&nbsp;<\/p>\n<p>Dokumenty rekrutacyjne mo\u017cna sk\u0142ada\u0107:<\/p>\n<p><strong>a) w formie elektronicznej<\/strong> \u2013 w postaci skan\u00f3w dokument\u00f3w lub dokument\u00f3w podpisanych kwalifikowanym podpisem elektronicznym, przes\u0142anych na adres e-mail:<\/p>\n<p>&#8211; do Lidera projektu \u2013 Agencja Rozwoju Ma\u0142opolski Zachodniej S.A.: goexport@armz.pl<strong>,<\/strong><\/p>\n<p>&#8211; do Partnera projektu \u2013 Centrum Biznesu Ma\u0142opolski Zachodniej Sp. z o.o.: goexport@cbmz.pl,<\/p>\n<p>&#8211; do Partnera projektu \u2013 Towarzystwo O\u015bwiatowe Ziemi Chrzanowskiej w Chrzanowie: goexport@tozch.edu.pl<\/p>\n<p>z dopiskiem w tytule wiadomo\u015bci: <em>\u201eRekrutacja do projektu \u201eGoExport Ma\u0142opolska\u201d<\/em>;<\/p>\n<p><strong>b) osobi\u015bcie lub za po\u015brednictwem poczty tradycyjnej<\/strong> na adres:<\/p>\n<p>&#8211; Lidera projektu \u2013 Agencja Rozwoju Ma\u0142opolski Zachodniej S.A. w Chrzanowie, ul. Grunwaldzka 5, 32-500 Chrzan\u00f3w<\/p>\n<p>&#8211; Partnera projektu \u2013 Centrum Biznesu Ma\u0142opolski Zachodniej Sp. z o.o., ul. Gospodarcza 24, 32-600 O\u015bwi\u0119cim<\/p>\n<p>&#8211; Partnera projektu \u2013 Towarzystwo O\u015bwiatowe Ziemi Chrzanowskiej w Chrzanowie ul. Kana\u0142owa 21, 32-500 Chrzan\u00f3w<\/p>\n<p>W przypadku przes\u0142ania dokument\u00f3w rekrutacyjnych w formie elektronicznej jako skany, orygina\u0142y dokument\u00f3w nale\u017cy dostarczy\u0107 w terminie do 3 dni roboczych od dnia przes\u0142ania skan\u00f3w<strong>. <\/strong>Za dat\u0119 z\u0142o\u017cenia dokument\u00f3w uznaje si\u0119 dat\u0119 ich wp\u0142ywu do Biura Projektu.<\/p>\n<p>Szczeg\u00f3\u0142owe informacje dotycz\u0105ce zasad naboru, kryteri\u00f3w oceny oraz wymaganej dokumentacji dost\u0119pne s\u0105 w\u00a0<a href=\"https:\/\/armz.pl\/?page_id=3778\" target=\"_blank\" rel=\"noopener\">Regulaminie rekrutacji i uczestnictwa<\/a><strong>.<\/strong><\/p>\n<p><strong>DOKUMENTY REKRUTACYJNE DO POBRANIA:<\/strong><\/p>\n<p><a href=\"https:\/\/armz.pl\/wp-content\/uploads\/2026\/03\/Regulamin-rekrutacji-i-uczestnictwa-1.docx\">Regulamin rekrutacji i uczestnictwa <\/a><\/p>\n<p><a href=\"https:\/\/armz.pl\/wp-content\/uploads\/2026\/03\/Formularz-rekrutacyjny-5.docx\">Formularz rekrutacyjny<\/a><\/p>\n<p><a href=\"https:\/\/armz.pl\/wp-content\/uploads\/2025\/12\/Zalacznik-nr-1-oswiadczenie-o-pomocy-de-minimis.docx\">Za\u0142\u0105cznik nr 1 &#8211; o\u015bwiadczenie o pomocy de minimis<\/a><\/p>\n<p><a href=\"https:\/\/armz.pl\/wp-content\/uploads\/2025\/12\/Zalacznik-nr-2-Formularz-informacji-przedstawianych-przy-ubieganiu-sie-o-pomoc-de-minimis.docx\">Za\u0142\u0105cznik nr 2 &#8211; Formularz informacji przedstawianych przy ubieganiu si\u0119 o pomoc de minimis<\/a><\/p>\n<p><a href=\"https:\/\/armz.pl\/wp-content\/uploads\/2025\/12\/Zalacznik-nr-4-oswiadczenie-MSP.docx\">Za\u0142\u0105cznik nr 4 &#8211; o\u015bwiadczenie M\u015aP<\/a><\/p>\n<p>&nbsp;<\/p>\n<p>Dokumenty rekrutacyjne w wersji monochromatycznej:<\/p>\n<p><a href=\"https:\/\/armz.pl\/wp-content\/uploads\/2026\/03\/Formularz-rekrutacyjny.docx\">Formularz rekrutacyjny<\/a><\/p>\n<p><a href=\"https:\/\/armz.pl\/wp-content\/uploads\/2026\/03\/Zalacznik-nr-1-oswiadczenie-o-pomocy-de-minimis.docx\">Za\u0142\u0105cznik nr 1 &#8211; o\u015bwiadczenie o pomocy de minimis<\/a><\/p>\n<p><a href=\"https:\/\/armz.pl\/wp-content\/uploads\/2026\/03\/Zalacznik-nr-2-Formularz-informacji-przedstawianych-przy-ubieganiu-sie-o-pomoc-de-minimis.docx\">Za\u0142\u0105cznik nr 2 &#8211; Formularz informacji przedstawianych przy ubieganiu si\u0119 o pomoc de minimis<\/a><\/p>\n<p><a href=\"https:\/\/armz.pl\/wp-content\/uploads\/2026\/03\/Zalacznik-nr-4-oswiadczenie-MSP.docx\">Za\u0142\u0105cznik nr 4 &#8211; o\u015bwiadczenie M\u015aP<\/a><\/p>\n","protected":false},"excerpt":{"rendered":"<p>Nab\u00f3r w ramach projektu\u00a0 prowadzony jest w formule ci\u0105g\u0142ej w rundach miesi\u0119cznych i trwa od 01<\/p>\n","protected":false},"author":2,"featured_media":0,"parent":0,"menu_order":0,"comment_status":"closed","ping_status":"closed","template":"","meta":{"footnotes":""},"class_list":["post-3778","page","type-page","status-publish","hentry"],"_links":{"self":[{"href":"https:\/\/armz.pl\/index.php?rest_route=\/wp\/v2\/pages\/3778","targetHints":{"allow":["GET"]}}],"collection":[{"href":"https:\/\/armz.pl\/index.php?rest_route=\/wp\/v2\/pages"}],"about":[{"href":"https:\/\/armz.pl\/index.php?rest_route=\/wp\/v2\/types\/page"}],"author":[{"embeddable":true,"href":"https:\/\/armz.pl\/index.php?rest_route=\/wp\/v2\/users\/2"}],"replies":[{"embeddable":true,"href":"https:\/\/armz.pl\/index.php?rest_route=%2Fwp%2Fv2%2Fcomments&post=3778"}],"version-history":[{"count":5,"href":"https:\/\/armz.pl\/index.php?rest_route=\/wp\/v2\/pages\/3778\/revisions"}],"predecessor-version":[{"id":3850,"href":"https:\/\/armz.pl\/index.php?rest_route=\/wp\/v2\/pages\/3778\/revisions\/3850"}],"wp:attachment":[{"href":"https:\/\/armz.pl\/index.php?rest_route=%2Fwp%2Fv2%2Fmedia&parent=3778"}],"curies":[{"name":"wp","href":"https:\/\/api.w.org\/{rel}","templated":true}]}}