{"id":266,"date":"2021-02-25T14:56:22","date_gmt":"2021-02-25T13:56:22","guid":{"rendered":"https:\/\/armz.niemamweny.eu\/?page_id=266"},"modified":"2021-02-25T14:56:22","modified_gmt":"2021-02-25T13:56:22","slug":"informacje-dla-akcjonariuszy","status":"publish","type":"page","link":"https:\/\/armz.pl\/?page_id=266","title":{"rendered":"Informacje dla akcjonariuszy"},"content":{"rendered":"<section class=\"wpb-content-wrapper\"><p>[vc_row][vc_column]<div class=\"column_filters\"><div class=\"blog_wrapper isotope_wrapper clearfix\"><div class=\"posts_group element_classes lm_wrapper col-2 classic margin\"><div class=\"post-item isotope-item clearfix no-img post-3651 post type-post status-publish format-standard hentry category-informacje-dla-akcjonariuszy\" style=\"\"><div class=\"date_label\">9 maja, 2025<\/div><div class=\"image_frame post-photo-wrapper scale-with-grid image\"><div class=\"image_wrapper\"><\/div><\/div><div class=\"post-desc-wrapper bg- has-custom-bg\" style=\"\"><div class=\"post-desc\"><div class=\"post-head\"><div class=\"post-meta clearfix\"><div class=\"author-date\"><span class=\"date\"><i class=\"icon-clock\" aria-label=\"published\"><\/i> <span class=\"post-date updated\">9 maja, 2025<\/span><\/span><\/div><\/div><\/div><div class=\"post-title\"><h2 class=\"entry-title\" itemprop=\"headline\"><a href=\"https:\/\/armz.pl\/?p=3651\">Zwo\u0142anie Zwyczajnego Walnego Zgromadzenia<\/a><\/h2><\/div><div class=\"post-excerpt\">Dzia\u0142aj\u0105c na podstawie art. 402 \u00a7 3 Kodeksu Sp\u00f3\u0142ek Handlowych oraz \u00a7 13 ust. 2\u00a0Statutu Sp\u00f3\u0142ki,<\/div><div class=\"post-footer\"><div class=\"button-love\"><span class=\"love-text\">Do you like it?<\/span><\/div><div class=\"post-links\"><i class=\"icon-doc-text\" aria-hidden=\"true\"><\/i> <a href=\"https:\/\/armz.pl\/?p=3651\" class=\"post-more\">Czytaj wi\u0119cej<span class=\"screen-reader-text\"> - Zwo\u0142anie Zwyczajnego Walnego Zgromadzenia<\/span><\/a><\/div><\/div><\/div><\/div><\/div><div class=\"post-item isotope-item clearfix no-img post-3110 post type-post status-publish format-standard hentry category-informacje-dla-akcjonariuszy\" style=\"\"><div class=\"date_label\">22 kwietnia, 2024<\/div><div class=\"image_frame post-photo-wrapper scale-with-grid image\"><div class=\"image_wrapper\"><\/div><\/div><div class=\"post-desc-wrapper bg- has-custom-bg\" style=\"\"><div class=\"post-desc\"><div class=\"post-head\"><div class=\"post-meta clearfix\"><div class=\"author-date\"><span class=\"date\"><i class=\"icon-clock\" aria-label=\"published\"><\/i> <span class=\"post-date updated\">22 kwietnia, 2024<\/span><\/span><\/div><\/div><\/div><div class=\"post-title\"><h2 class=\"entry-title\" itemprop=\"headline\"><a href=\"https:\/\/armz.pl\/?p=3110\">Zwo\u0142anie Zwyczajnego Walnego Zgromadzenia<\/a><\/h2><\/div><div class=\"post-excerpt\">Dzia\u0142aj\u0105c na podstawie art. 402 \u00a7 3 Kodeksu Sp\u00f3\u0142ek Handlowych oraz \u00a7 13 ust. 2\u00a0Statutu Sp\u00f3\u0142ki,<\/div><div class=\"post-footer\"><div class=\"button-love\"><span class=\"love-text\">Do you like it?<\/span><\/div><div class=\"post-links\"><i class=\"icon-doc-text\" aria-hidden=\"true\"><\/i> <a href=\"https:\/\/armz.pl\/?p=3110\" class=\"post-more\">Czytaj wi\u0119cej<span class=\"screen-reader-text\"> - Zwo\u0142anie Zwyczajnego Walnego Zgromadzenia<\/span><\/a><\/div><\/div><\/div><\/div><\/div><div class=\"post-item isotope-item clearfix no-img post-3071 post type-post status-publish format-standard hentry category-informacje-dla-akcjonariuszy\" style=\"\"><div class=\"date_label\">5 marca, 2024<\/div><div class=\"image_frame post-photo-wrapper scale-with-grid image\"><div class=\"image_wrapper\"><\/div><\/div><div class=\"post-desc-wrapper bg- has-custom-bg\" style=\"\"><div class=\"post-desc\"><div class=\"post-head\"><div class=\"post-meta clearfix\"><div class=\"author-date\"><span class=\"date\"><i class=\"icon-clock\" aria-label=\"published\"><\/i> <span class=\"post-date updated\">5 marca, 2024<\/span><\/span><\/div><\/div><\/div><div class=\"post-title\"><h2 class=\"entry-title\" itemprop=\"headline\"><a href=\"https:\/\/armz.pl\/?p=3071\">Zwo\u0142anie Nadzwyczajnego Walnego Zgromadzenia<\/a><\/h2><\/div><div class=\"post-excerpt\">Dzia\u0142aj\u0105c na podstawie art. 232 Kodeksu Sp\u00f3\u0142ek Handlowych oraz \u00a7\u00a013 ust. 3 pkt 1 Statutu Sp\u00f3\u0142ki<\/div><div class=\"post-footer\"><div class=\"button-love\"><span class=\"love-text\">Do you like it?<\/span><\/div><div class=\"post-links\"><i class=\"icon-doc-text\" aria-hidden=\"true\"><\/i> <a href=\"https:\/\/armz.pl\/?p=3071\" class=\"post-more\">Czytaj wi\u0119cej<span class=\"screen-reader-text\"> - Zwo\u0142anie Nadzwyczajnego Walnego Zgromadzenia<\/span><\/a><\/div><\/div><\/div><\/div><\/div><div class=\"post-item isotope-item clearfix no-img post-3075 post type-post status-publish format-standard hentry category-informacje-dla-akcjonariuszy\" style=\"\"><div class=\"date_label\">19 grudnia, 2023<\/div><div class=\"image_frame post-photo-wrapper scale-with-grid image\"><div class=\"image_wrapper\"><\/div><\/div><div class=\"post-desc-wrapper bg- has-custom-bg\" style=\"\"><div class=\"post-desc\"><div class=\"post-head\"><div class=\"post-meta clearfix\"><div class=\"author-date\"><span class=\"date\"><i class=\"icon-clock\" aria-label=\"published\"><\/i> <span class=\"post-date updated\">19 grudnia, 2023<\/span><\/span><\/div><\/div><\/div><div class=\"post-title\"><h2 class=\"entry-title\" itemprop=\"headline\"><a href=\"https:\/\/armz.pl\/?p=3075\">Zwo\u0142anie Nadzwyczajnego Walnego Zgromadzenia<\/a><\/h2><\/div><div class=\"post-excerpt\">Dzia\u0142aj\u0105c na podstawie art. 232 Kodeksu Sp\u00f3\u0142ek Handlowych oraz \u00a7\u00a013 ust. 3 pkt 1 Statutu Sp\u00f3\u0142ki<\/div><div class=\"post-footer\"><div class=\"button-love\"><span class=\"love-text\">Do you like it?<\/span><\/div><div class=\"post-links\"><i class=\"icon-doc-text\" aria-hidden=\"true\"><\/i> <a href=\"https:\/\/armz.pl\/?p=3075\" class=\"post-more\">Czytaj wi\u0119cej<span class=\"screen-reader-text\"> - Zwo\u0142anie Nadzwyczajnego Walnego Zgromadzenia<\/span><\/a><\/div><\/div><\/div><\/div><\/div><div class=\"post-item isotope-item clearfix no-img post-2922 post type-post status-publish format-standard hentry category-informacje-dla-akcjonariuszy\" style=\"\"><div class=\"date_label\">14 grudnia, 2023<\/div><div class=\"image_frame post-photo-wrapper scale-with-grid image\"><div class=\"image_wrapper\"><\/div><\/div><div class=\"post-desc-wrapper bg- has-custom-bg\" style=\"\"><div class=\"post-desc\"><div class=\"post-head\"><div class=\"post-meta clearfix\"><div class=\"author-date\"><span class=\"date\"><i class=\"icon-clock\" aria-label=\"published\"><\/i> <span class=\"post-date updated\">14 grudnia, 2023<\/span><\/span><\/div><\/div><\/div><div class=\"post-title\"><h2 class=\"entry-title\" itemprop=\"headline\"><a href=\"https:\/\/armz.pl\/?p=2922\">Zwo\u0142anie Nadzwyczajnego Walnego Zgromadzenia<\/a><\/h2><\/div><div class=\"post-excerpt\">Dzia\u0142aj\u0105c na podstawie art. 232 Kodeksu Sp\u00f3\u0142ek Handlowych oraz \u00a7 13 ust. 3 pkt 1 Statutu<\/div><div class=\"post-footer\"><div class=\"button-love\"><span class=\"love-text\">Do you like it?<\/span><\/div><div class=\"post-links\"><i class=\"icon-doc-text\" aria-hidden=\"true\"><\/i> <a href=\"https:\/\/armz.pl\/?p=2922\" class=\"post-more\">Czytaj wi\u0119cej<span class=\"screen-reader-text\"> - Zwo\u0142anie Nadzwyczajnego Walnego Zgromadzenia<\/span><\/a><\/div><\/div><\/div><\/div><\/div><div class=\"post-item isotope-item clearfix no-img post-2893 post type-post status-publish format-standard hentry category-aktualnosci category-informacje-dla-akcjonariuszy\" style=\"\"><div class=\"date_label\">20 pa\u017adziernika, 2023<\/div><div class=\"image_frame post-photo-wrapper scale-with-grid image\"><div class=\"image_wrapper\"><\/div><\/div><div class=\"post-desc-wrapper bg- has-custom-bg\" style=\"\"><div class=\"post-desc\"><div class=\"post-head\"><div class=\"post-meta clearfix\"><div class=\"author-date\"><span class=\"date\"><i class=\"icon-clock\" aria-label=\"published\"><\/i> <span class=\"post-date updated\">20 pa\u017adziernika, 2023<\/span><\/span><\/div><\/div><\/div><div class=\"post-title\"><h2 class=\"entry-title\" itemprop=\"headline\"><a href=\"https:\/\/armz.pl\/?p=2893\">Zwo\u0142anie Nadzwyczajnego Walnego Zgromadzenia<\/a><\/h2><\/div><div class=\"post-excerpt\">Dzia\u0142aj\u0105c na podstawie art. 232 Kodeksu Sp\u00f3\u0142ek Handlowych oraz \u00a7\u00a013 ust. 3 pkt 1 Statutu Sp\u00f3\u0142ki<\/div><div class=\"post-footer\"><div class=\"button-love\"><span class=\"love-text\">Do you like it?<\/span><\/div><div class=\"post-links\"><i class=\"icon-doc-text\" aria-hidden=\"true\"><\/i> <a href=\"https:\/\/armz.pl\/?p=2893\" class=\"post-more\">Czytaj wi\u0119cej<span class=\"screen-reader-text\"> - Zwo\u0142anie Nadzwyczajnego Walnego Zgromadzenia<\/span><\/a><\/div><\/div><\/div><\/div><\/div><div class=\"post-item isotope-item clearfix no-img post-2851 post type-post status-publish format-standard hentry category-informacje-dla-akcjonariuszy\" style=\"\"><div class=\"date_label\">22 sierpnia, 2023<\/div><div class=\"image_frame post-photo-wrapper scale-with-grid image\"><div class=\"image_wrapper\"><\/div><\/div><div class=\"post-desc-wrapper bg- has-custom-bg\" style=\"\"><div class=\"post-desc\"><div class=\"post-head\"><div class=\"post-meta clearfix\"><div class=\"author-date\"><span class=\"date\"><i class=\"icon-clock\" aria-label=\"published\"><\/i> <span class=\"post-date updated\">22 sierpnia, 2023<\/span><\/span><\/div><\/div><\/div><div class=\"post-title\"><h2 class=\"entry-title\" itemprop=\"headline\"><a href=\"https:\/\/armz.pl\/?p=2851\">Zwo\u0142anie Zwyczajnego Walnego Zgromadzenia<\/a><\/h2><\/div><div class=\"post-excerpt\">Dzia\u0142aj\u0105c na podstawie art. 402\u00a0 \u00a7 3 Kodeksu Sp\u00f3\u0142ek Handlowych oraz \u00a7\u00a013 ust. 3 Statutu Sp\u00f3\u0142ki<\/div><div class=\"post-footer\"><div class=\"button-love\"><span class=\"love-text\">Do you like it?<\/span><\/div><div class=\"post-links\"><i class=\"icon-doc-text\" aria-hidden=\"true\"><\/i> <a href=\"https:\/\/armz.pl\/?p=2851\" class=\"post-more\">Czytaj wi\u0119cej<span class=\"screen-reader-text\"> - Zwo\u0142anie Zwyczajnego Walnego Zgromadzenia<\/span><\/a><\/div><\/div><\/div><\/div><\/div><div class=\"post-item isotope-item clearfix no-img post-2763 post type-post status-publish format-standard hentry category-informacje-dla-akcjonariuszy\" style=\"\"><div class=\"date_label\">7 czerwca, 2023<\/div><div class=\"image_frame post-photo-wrapper scale-with-grid image\"><div class=\"image_wrapper\"><\/div><\/div><div class=\"post-desc-wrapper bg- has-custom-bg\" style=\"\"><div class=\"post-desc\"><div class=\"post-head\"><div class=\"post-meta clearfix\"><div class=\"author-date\"><span class=\"date\"><i class=\"icon-clock\" aria-label=\"published\"><\/i> <span class=\"post-date updated\">7 czerwca, 2023<\/span><\/span><\/div><\/div><\/div><div class=\"post-title\"><h2 class=\"entry-title\" itemprop=\"headline\"><a href=\"https:\/\/armz.pl\/?p=2763\">Zwyczajne Walne Zgromadzenie Sp\u00f3\u0142ki Agencja Rozwoju Ma\u0142opolski Zachodniej S.A.<\/a><\/h2><\/div><div class=\"post-excerpt\">Dzia\u0142aj\u0105c na podstawie art. 402 \u00a7 3 Kodeksu Sp\u00f3\u0142ek Handlowych oraz \u00a7 13 ust. 2\u00a0Statutu Sp\u00f3\u0142ki,<\/div><div class=\"post-footer\"><div class=\"button-love\"><span class=\"love-text\">Do you like it?<\/span><\/div><div class=\"post-links\"><i class=\"icon-doc-text\" aria-hidden=\"true\"><\/i> <a href=\"https:\/\/armz.pl\/?p=2763\" class=\"post-more\">Czytaj wi\u0119cej<span class=\"screen-reader-text\"> - Zwyczajne Walne Zgromadzenie Sp\u00f3\u0142ki Agencja Rozwoju Ma\u0142opolski Zachodniej S.A.<\/span><\/a><\/div><\/div><\/div><\/div><\/div><div class=\"post-item isotope-item clearfix no-img post-2375 post type-post status-publish format-standard hentry category-informacje-dla-akcjonariuszy\" style=\"\"><div class=\"date_label\">2 czerwca, 2022<\/div><div class=\"image_frame post-photo-wrapper scale-with-grid image\"><div class=\"image_wrapper\"><\/div><\/div><div class=\"post-desc-wrapper bg- has-custom-bg\" style=\"\"><div class=\"post-desc\"><div class=\"post-head\"><div class=\"post-meta clearfix\"><div class=\"author-date\"><span class=\"date\"><i class=\"icon-clock\" aria-label=\"published\"><\/i> <span class=\"post-date updated\">2 czerwca, 2022<\/span><\/span><\/div><\/div><\/div><div class=\"post-title\"><h2 class=\"entry-title\" itemprop=\"headline\"><a href=\"https:\/\/armz.pl\/?p=2375\">Zwo\u0142anie Zwyczajnego Walnego Zgromadzenia<\/a><\/h2><\/div><div class=\"post-excerpt\">Dzia\u0142aj\u0105c na podstawie art. 402 \u00a7 3 Kodeksu Sp\u00f3\u0142ek Handlowych oraz \u00a7 13 ust. 2\u00a0Statutu Sp\u00f3\u0142ki,<\/div><div class=\"post-footer\"><div class=\"button-love\"><span class=\"love-text\">Do you like it?<\/span><\/div><div class=\"post-links\"><i class=\"icon-doc-text\" aria-hidden=\"true\"><\/i> <a href=\"https:\/\/armz.pl\/?p=2375\" class=\"post-more\">Czytaj wi\u0119cej<span class=\"screen-reader-text\"> - Zwo\u0142anie Zwyczajnego Walnego Zgromadzenia<\/span><\/a><\/div><\/div><\/div><\/div><\/div><div class=\"post-item isotope-item clearfix no-img post-2127 post type-post status-publish format-standard hentry category-informacje-dla-akcjonariuszy\" style=\"\"><div class=\"date_label\">10 stycznia, 2022<\/div><div class=\"image_frame post-photo-wrapper scale-with-grid image\"><div class=\"image_wrapper\"><\/div><\/div><div class=\"post-desc-wrapper bg- has-custom-bg\" style=\"\"><div class=\"post-desc\"><div class=\"post-head\"><div class=\"post-meta clearfix\"><div class=\"author-date\"><span class=\"date\"><i class=\"icon-clock\" aria-label=\"published\"><\/i> <span class=\"post-date updated\">10 stycznia, 2022<\/span><\/span><\/div><\/div><\/div><div class=\"post-title\"><h2 class=\"entry-title\" itemprop=\"headline\"><a href=\"https:\/\/armz.pl\/?p=2127\">Zwo\u0142anie Nadzwyczajnego Walnego Zgromadzenia<\/a><\/h2><\/div><div class=\"post-excerpt\">Dzia\u0142aj\u0105c na podstawie art. 232 Kodeksu Sp\u00f3\u0142ek Handlowych oraz \u00a7\u00a013 ust. 3 pkt 1 Statutu Sp\u00f3\u0142ki<\/div><div class=\"post-footer\"><div class=\"button-love\"><span class=\"love-text\">Do you like it?<\/span><\/div><div class=\"post-links\"><i class=\"icon-doc-text\" aria-hidden=\"true\"><\/i> <a href=\"https:\/\/armz.pl\/?p=2127\" class=\"post-more\">Czytaj wi\u0119cej<span class=\"screen-reader-text\"> - Zwo\u0142anie Nadzwyczajnego Walnego Zgromadzenia<\/span><\/a><\/div><\/div><\/div><\/div><\/div><\/div><div class=\"column one pager_wrapper\"><div class=\"pager\"><div class=\"pages\"><a href=\"https:\/\/armz.pl\/index.php?rest_route=%2Fwp%2Fv2%2Fpages%2F266\" class=\"page active\">1<\/a><a href=\"https:\/\/armz.pl\/index.php?rest_route=%2Fwp%2Fv2%2Fpages%2F266&#038;paged=2\" class=\"page\">2<\/a><a href=\"https:\/\/armz.pl\/index.php?rest_route=%2Fwp%2Fv2%2Fpages%2F266&#038;paged=3\" class=\"page\">3<\/a><\/div><a class=\"next_page\" href=\"https:\/\/armz.pl\/index.php?rest_route=%2Fwp%2Fv2%2Fpages%2F266&#038;paged=2\">Next page<i class=\"icon-right-open\" aria-hidden=\"true\"><\/i><\/a><\/div><\/div>\n<\/div>\n<\/div>\n[\/vc_column][\/vc_row]<\/p>\n<\/section>","protected":false},"excerpt":{"rendered":"<p>[vc_row][vc_column][\/vc_column][\/vc_row]<\/p>\n","protected":false},"author":2,"featured_media":0,"parent":13,"menu_order":0,"comment_status":"closed","ping_status":"closed","template":"","meta":{"footnotes":""},"class_list":["post-266","page","type-page","status-publish","hentry"],"_links":{"self":[{"href":"https:\/\/armz.pl\/index.php?rest_route=\/wp\/v2\/pages\/266","targetHints":{"allow":["GET"]}}],"collection":[{"href":"https:\/\/armz.pl\/index.php?rest_route=\/wp\/v2\/pages"}],"about":[{"href":"https:\/\/armz.pl\/index.php?rest_route=\/wp\/v2\/types\/page"}],"author":[{"embeddable":true,"href":"https:\/\/armz.pl\/index.php?rest_route=\/wp\/v2\/users\/2"}],"replies":[{"embeddable":true,"href":"https:\/\/armz.pl\/index.php?rest_route=%2Fwp%2Fv2%2Fcomments&post=266"}],"version-history":[{"count":0,"href":"https:\/\/armz.pl\/index.php?rest_route=\/wp\/v2\/pages\/266\/revisions"}],"up":[{"embeddable":true,"href":"https:\/\/armz.pl\/index.php?rest_route=\/wp\/v2\/pages\/13"}],"wp:attachment":[{"href":"https:\/\/armz.pl\/index.php?rest_route=%2Fwp%2Fv2%2Fmedia&parent=266"}],"curies":[{"name":"wp","href":"https:\/\/api.w.org\/{rel}","templated":true}]}}