{"id":2649,"date":"2023-02-24T14:20:24","date_gmt":"2023-02-24T14:20:24","guid":{"rendered":"https:\/\/armz.pl\/?page_id=2649"},"modified":"2023-02-24T14:20:24","modified_gmt":"2023-02-24T14:20:24","slug":"krawiec-krawcowa-%d0%ba%d1%80%d0%b0%d0%b2%d0%b5%d1%86%d1%8c-%d1%88%d0%b2%d0%b0%d1%87%d0%ba%d0%b0-24-02-2023-r","status":"publish","type":"page","link":"https:\/\/armz.pl\/?page_id=2649","title":{"rendered":"Krawiec\/krawcowa &#8211; \u041a\u0440\u0430\u0432\u0435\u0446\u044c\/\u0448\u0432\u0430\u0447\u043a\u0430 (24.02.2023 r.)"},"content":{"rendered":"<p>Stanowisko:<strong> Krawiec\/krawcowa<\/strong><\/p>\n<ul>\n<li>Miejsce pracy: 32-500 Chrzan\u00f3w , ul. Kardyna\u0142a Stefana Wyszy\u0144skiego 17A powiat: chrzanowski, woj: ma\u0142opolskie<\/li>\n<li>Pracodawca: Lepre Tomasz Zaj\u0105c<\/li>\n<li>Zakres obowi\u0105zk\u00f3w: wykroje, szycie lekkie-akcesoria dla dzieci<\/li>\n<li>Wykszta\u0142cenie konieczne: podstawowe<\/li>\n<li>Wykszta\u0142cenie po\u017c\u0105dane: krawiec<\/li>\n<li>Rodzaj umowy: Umowa o prac\u0119 na okres pr\u00f3bny<\/li>\n<li>Liczba godzin pracy w tygodniu 40<\/li>\n<\/ul>\n<p>\u041f\u043e\u0441\u0430\u0434\u0430: <strong>\u041a\u0440\u0430\u0432\u0435\u0446\u044c\/<\/strong><strong>\u0448\u0432\u0430\u0447\u043a\u0430<\/strong><\/p>\n<ul>\n<li>\u041c\u0456\u0441\u0446\u0435 \u0440\u043e\u0431\u043e\u0442\u0438: 32-500 \u0425\u0448\u0430\u043d\u0443\u0432 <em>Chrzan\u00f3w<\/em>\/, \u0432\u0443\u043b. \u041a\u0430\u0440\u0434\u0438\u043d\u0430\u043b\u0430 \u0421\u0442\u0435\u0444\u0430\u043d\u0430 \u0412\u0438\u0448\u0438\u043d\u044c\u0441\u043a\u0456\u0435\u0433\u043e \/Kardyna\u0142a Stefana Wyszy\u0144skiego\/ 17A \u043f\u043e\u0432\u0456\u0442: \u0445\u0448\u0430\u043d\u043e\u0432\u0441\u044c\u043a\u0438\u0439, \u0432\u043e\u0454\u0432\u043e\u0434\u0441\u0442\u0432\u043e: \u043c\u0430\u043b\u043e\u043f\u043e\u043b\u044c\u0441\u044c\u043a\u0435<\/li>\n<li>\u0420\u043e\u0431\u043e\u0442\u043e\u0434\u0430\u0432\u0435\u0446\u044c: \u041b\u0435\u043f\u0440\u0435 \u0422\u043e\u043c\u0430\u0448 \u0417\u0430\u0439\u043e\u043d\u0446 <em>Lepre Tomasz Zaj\u0105c<\/em>\/<\/li>\n<li>\u041e\u0431\u043e\u0432\u2019\u044f\u0437\u043a\u0438: \u0437\u0430\u0433\u043e\u0442\u043e\u0432\u043a\u0430, \u043b\u0435\u0433\u043a\u0435 \u0448\u0438\u0442\u0442\u044f \u2014 \u0430\u043a\u0446\u0435\u0441\u0443\u0430\u0440\u0438 \u0434\u043b\u044f \u0434\u0456\u0442\u0435\u0439<\/li>\n<li>\u041d\u0435\u043e\u0431\u0445\u0456\u0434\u043d\u0430 \u043e\u0441\u0432\u0456\u0442\u0430: \u043f\u043e\u0447\u0430\u0442\u043a\u043e\u0432\u0430<\/li>\n<li>\u0411\u0430\u0436\u0430\u043d\u0430 \u043e\u0441\u0432\u0456\u0442\u0430: \u043a\u0440\u0430\u0432\u0435\u0446\u044c<\/li>\n<li>\u0412\u0438\u0434 \u0434\u043e\u0433\u043e\u0432\u043e\u0440\u0443: \u0422\u0440\u0443\u0434\u043e\u0432\u0438\u0439 \u0434\u043e\u0433\u043e\u0432\u0456\u0440 \u043d\u0430 \u0441\u0442\u0440\u043e\u043a \u0432\u0438\u043f\u0440\u043e\u0431\u0443\u0432\u0430\u043d\u044c<\/li>\n<li>\u041a\u0456\u043b\u044c\u043a\u0456\u0441\u0442\u044c \u0433\u043e\u0434\u0438\u043d \u0440\u043e\u0431\u043e\u0442\u0438 \u0443 \u0442\u0438\u0436\u0434\u0435\u043d\u044c: 40<\/li>\n<\/ul>\n","protected":false},"excerpt":{"rendered":"<p>Stanowisko: Krawiec\/krawcowa Miejsce pracy: 32-500 Chrzan\u00f3w , ul. Kardyna\u0142a Stefana Wyszy\u0144skiego 17A powiat: chrzanowski, woj: ma\u0142opolskie<\/p>\n","protected":false},"author":3,"featured_media":0,"parent":2588,"menu_order":0,"comment_status":"closed","ping_status":"closed","template":"","meta":{"footnotes":""},"class_list":["post-2649","page","type-page","status-publish","hentry"],"_links":{"self":[{"href":"https:\/\/armz.pl\/index.php?rest_route=\/wp\/v2\/pages\/2649","targetHints":{"allow":["GET"]}}],"collection":[{"href":"https:\/\/armz.pl\/index.php?rest_route=\/wp\/v2\/pages"}],"about":[{"href":"https:\/\/armz.pl\/index.php?rest_route=\/wp\/v2\/types\/page"}],"author":[{"embeddable":true,"href":"https:\/\/armz.pl\/index.php?rest_route=\/wp\/v2\/users\/3"}],"replies":[{"embeddable":true,"href":"https:\/\/armz.pl\/index.php?rest_route=%2Fwp%2Fv2%2Fcomments&post=2649"}],"version-history":[{"count":1,"href":"https:\/\/armz.pl\/index.php?rest_route=\/wp\/v2\/pages\/2649\/revisions"}],"predecessor-version":[{"id":2650,"href":"https:\/\/armz.pl\/index.php?rest_route=\/wp\/v2\/pages\/2649\/revisions\/2650"}],"up":[{"embeddable":true,"href":"https:\/\/armz.pl\/index.php?rest_route=\/wp\/v2\/pages\/2588"}],"wp:attachment":[{"href":"https:\/\/armz.pl\/index.php?rest_route=%2Fwp%2Fv2%2Fmedia&parent=2649"}],"curies":[{"name":"wp","href":"https:\/\/api.w.org\/{rel}","templated":true}]}}