{"id":2645,"date":"2023-01-27T08:07:43","date_gmt":"2023-01-27T08:07:43","guid":{"rendered":"https:\/\/armz.pl\/?page_id=2645"},"modified":"2023-01-27T08:07:43","modified_gmt":"2023-01-27T08:07:43","slug":"pracownik-biurowy-%d0%bf%d1%80%d0%b0%d1%86%d1%96%d0%b2%d0%bd%d0%b8%d0%ba-%d0%be%d1%84%d1%96%d1%81%d1%83-27-01-2023-r","status":"publish","type":"page","link":"https:\/\/armz.pl\/?page_id=2645","title":{"rendered":"Pracownik biurowy \/ \u041f\u0440\u0430\u0446\u0456\u0432\u043d\u0438\u043a \u043e\u0444\u0456\u0441\u0443 (27.01.2023 r.)"},"content":{"rendered":"<p>Stanowisko:<strong> Pracownik biurowy<\/strong><\/p>\n<ul>\n<li>Miejsce pracy: 32-353 Trzyci\u0105\u017c,\u00a0 ul. Piaskowa 8, powiat: olkuski, woj: ma\u0142opolskie<\/li>\n<li>Pracodawca: Pawe\u0142 Rybnik PR FURNITURE WORKS<\/li>\n<li>Zakres obowi\u0105zk\u00f3w: obs\u0142uga klienta, og\u00f3lne prace biurowe<\/li>\n<li>Wykszta\u0142cenie: \u015brednie og\u00f3lnokszta\u0142c\u0105ce<\/li>\n<li>Wymagania: wykszta\u0142cenie min. \u015brednie, mile widziane do\u015bwiadczenie zawodowe, umiej\u0119tno\u015b\u0107 obs\u0142ugi komputera, j\u0119zyk angielski zaawansowany.<\/li>\n<li>Rodzaj umowy: Umowa o prac\u0119<\/li>\n<li>Wymiar etatu: 0,5<\/li>\n<\/ul>\n<p>&nbsp;<\/p>\n<p>\u041f\u043e\u0441\u0430\u0434\u0430: <strong>\u041f\u0440\u0430\u0446\u0456\u0432\u043d\u0438\u043a \u043e\u0444\u0456\u0441\u0443<\/strong><\/p>\n<ul>\n<li>\u041c\u0456\u0441\u0446\u0435 \u0440\u043e\u0431\u043e\u0442\u0438: 32-353 \u0422\u0448\u0438\u0446\u0456\u043e\u043d\u0436 (Trzyci\u0105\u017c),\u00a0 \u0432\u0443\u043b. \u041f\u0456\u0430\u0441\u043a\u043e\u0432\u0430 (Piaskowa) 8, \u043f\u043e\u0432\u0456\u0442: \u043e\u043b\u044c\u043a\u0443\u0441\u044c\u043a\u0438\u0439, \u0432\u043e\u0454\u0432\u043e\u0434\u0441\u0442\u0432\u043e: \u043c\u0430\u043b\u043e\u043f\u043e\u043b\u044c\u0441\u044c\u043a\u0435<\/li>\n<li>\u0420\u043e\u0431\u043e\u0442\u043e\u0434\u0430\u0432\u0435\u0446\u044c: \u041f\u0430\u0432\u0435\u043b \u0420\u0438\u0431\u043d\u0456\u043a (Pawe\u0142 Rybnik) PR FURNITURE WORKS<\/li>\n<li>\u041e\u0431\u043e\u0432\u2019\u044f\u0437\u043a\u0438: \u043e\u0431\u0441\u043b\u0443\u0433\u043e\u0432\u0443\u0432\u0430\u043d\u043d\u044f \u043a\u043b\u0456\u0454\u043d\u0442\u0456\u0432, \u0437\u0430\u0433\u0430\u043b\u044c\u043d\u0456 \u043e\u0444\u0456\u0441\u043d\u0456 \u0440\u043e\u0431\u043e\u0442\u0438<\/li>\n<li>\u041e\u0441\u0432\u0456\u0442\u0430: \u0441\u0435\u0440\u0435\u0434\u043d\u044f \u0437\u0430\u0433\u0430\u043b\u044c\u043d\u0430<\/li>\n<li>\u0412\u0438\u043c\u043e\u0433\u0438: \u043e\u0441\u0432\u0442\u0430 \u043c\u0456\u043d\u0456\u043c\u0443\u043c \u0441\u0435\u0440\u0435\u0434\u043d\u044f, \u0431\u0430\u0436\u0430\u043d\u0438\u0439 \u043f\u0440\u043e\u0444\u0435\u0441\u0456\u0439\u043d\u0438\u0439 \u0434\u043e\u0441\u0432\u0456\u0434, \u0432\u043c\u0456\u043d\u043d\u044f \u043a\u043e\u0440\u0438\u0441\u0442\u0443\u0432\u0430\u0442\u0438\u0441\u044f \u043a\u043e\u043c\u043f\u2019\u044e\u0442\u0435\u0440\u043e\u043c, \u043f\u0440\u043e\u0441\u0443\u043d\u0443\u0442\u0430 \u0430\u043d\u0433\u043b\u0456\u0439\u0441\u044c\u043a\u0430 \u043c\u043e\u0432\u0430<\/li>\n<li>\u0412\u0438\u0434 \u0434\u043e\u0433\u043e\u0432\u043e\u0440\u0443: \u0442\u0440\u0443\u0434\u043e\u0432\u0438\u0439 \u0434\u043e\u0433\u043e\u0432\u0456\u0440<\/li>\n<li>\u0420\u043e\u0437\u043c\u0456\u0440 \u0441\u0442\u0430\u0432\u043a\u0438: 0,5<\/li>\n<\/ul>\n","protected":false},"excerpt":{"rendered":"<p>Stanowisko: Pracownik biurowy Miejsce pracy: 32-353 Trzyci\u0105\u017c,\u00a0 ul. Piaskowa 8, powiat: olkuski, woj: ma\u0142opolskie Pracodawca: Pawe\u0142<\/p>\n","protected":false},"author":3,"featured_media":0,"parent":2588,"menu_order":0,"comment_status":"closed","ping_status":"closed","template":"","meta":{"footnotes":""},"class_list":["post-2645","page","type-page","status-publish","hentry"],"_links":{"self":[{"href":"https:\/\/armz.pl\/index.php?rest_route=\/wp\/v2\/pages\/2645","targetHints":{"allow":["GET"]}}],"collection":[{"href":"https:\/\/armz.pl\/index.php?rest_route=\/wp\/v2\/pages"}],"about":[{"href":"https:\/\/armz.pl\/index.php?rest_route=\/wp\/v2\/types\/page"}],"author":[{"embeddable":true,"href":"https:\/\/armz.pl\/index.php?rest_route=\/wp\/v2\/users\/3"}],"replies":[{"embeddable":true,"href":"https:\/\/armz.pl\/index.php?rest_route=%2Fwp%2Fv2%2Fcomments&post=2645"}],"version-history":[{"count":1,"href":"https:\/\/armz.pl\/index.php?rest_route=\/wp\/v2\/pages\/2645\/revisions"}],"predecessor-version":[{"id":2646,"href":"https:\/\/armz.pl\/index.php?rest_route=\/wp\/v2\/pages\/2645\/revisions\/2646"}],"up":[{"embeddable":true,"href":"https:\/\/armz.pl\/index.php?rest_route=\/wp\/v2\/pages\/2588"}],"wp:attachment":[{"href":"https:\/\/armz.pl\/index.php?rest_route=%2Fwp%2Fv2%2Fmedia&parent=2645"}],"curies":[{"name":"wp","href":"https:\/\/api.w.org\/{rel}","templated":true}]}}