{"id":2643,"date":"2023-01-27T08:06:58","date_gmt":"2023-01-27T08:06:58","guid":{"rendered":"https:\/\/armz.pl\/?page_id=2643"},"modified":"2023-01-27T08:06:58","modified_gmt":"2023-01-27T08:06:58","slug":"dekorator-ozdob-choinkowych-%d0%b4%d0%b5%d0%ba%d0%be%d1%80%d0%b0%d1%82%d0%be%d1%80-%d1%8f%d0%bb%d0%b8%d0%bd%d0%ba%d0%be%d0%b2%d0%b8%d1%85-%d0%bf%d1%80%d0%b8%d0%ba%d1%80%d0%b0%d1%81-27-01-2023-r","status":"publish","type":"page","link":"https:\/\/armz.pl\/?page_id=2643","title":{"rendered":"Dekorator ozd\u00f3b choinkowych \/ \u0414\u0435\u043a\u043e\u0440\u0430\u0442\u043e\u0440 \u044f\u043b\u0438\u043d\u043a\u043e\u0432\u0438\u0445 \u043f\u0440\u0438\u043a\u0440\u0430\u0441 (27.01.2023 r.)"},"content":{"rendered":"<p>Stanowisko:<strong> Dekorator ozd\u00f3b choinkowych<\/strong><\/p>\n<ul>\n<li>Miejsce pracy: 32-300 Olkusz,\u00a0 ul. 20-stu Straconych 20, powiat: olkuski, woj: ma\u0142opolskie<\/li>\n<li>Pracodawca: Agata Zi\u0119ba AGAT<\/li>\n<li>Zakres obowi\u0105zk\u00f3w: ozdabianie szklanych ozd\u00f3b choinkowych<\/li>\n<li>Wykszta\u0142cenie: podstawowe<\/li>\n<li>Wymagania: mile widziane wykszta\u0142cenie zawodowe, wymagane zdolno\u015bci manualne<\/li>\n<li>Rodzaj umowy: Umowa o prac\u0119<\/li>\n<li>Wymiar etatu: 1<\/li>\n<li>1 zmiana od godz.7.00-15.00<\/li>\n<\/ul>\n<p>&nbsp;<\/p>\n<p>\u041f\u043e\u0441\u0430\u0434\u0430: <strong>\u0414\u0435\u043a\u043e\u0440\u0430\u0442\u043e\u0440 \u044f\u043b\u0438\u043d\u043a\u043e\u0432\u0438\u0445 \u043f\u0440\u0438\u043a\u0440\u0430\u0441<\/strong><\/p>\n<ul>\n<li>\u041c\u0456\u0441\u0446\u0435 \u0440\u043e\u0431\u043e\u0442\u0438: 32-300 \u041e\u043b\u044c\u043a\u0443\u0448 (Olkusz), \u0432\u0443\u043b. 20-\u0442\u0438 \u0421\u0442\u0440\u0430\u0446\u043e\u043d\u0438\u0445 (20-stu Straconych) 20, \u043f\u043e\u0432\u0456\u0442: \u043e\u043b\u044c\u043a\u0443\u0441\u044c\u043a\u0438\u0439, \u0432\u043e\u0454\u0432\u043e\u0434\u0441\u0442\u0432\u043e: \u043c\u0430\u043b\u043e\u043f\u043e\u043b\u044c\u0441\u044c\u043a\u0435<\/li>\n<li>\u0420\u043e\u0431\u043e\u0442\u043e\u0434\u0430\u0432\u0435\u0446\u044c: \u0410\u0433\u0430\u0442\u0430 \u0417\u0456\u0435\u043c\u0431\u0430 \u0410\u0413\u0410\u0422 (Agata Zi\u0119ba AGAT)<\/li>\n<li>\u041e\u0431\u043e\u0432\u2019\u044f\u0437\u043a\u0438: \u0434\u0435\u043a\u043e\u0440\u0443\u0432\u0430\u043d\u043d\u044f \u044f\u043b\u0438\u043d\u043a\u043e\u0432\u0438\u0445 \u043f\u0440\u0438\u043a\u0440\u0430\u0441<\/li>\n<li>\u041e\u0441\u0432\u0456\u0442\u0430: \u0431\u0430\u0437\u043e\u0432\u0430<\/li>\n<li>\u0412\u0438\u043c\u043e\u0433\u0438: \u0431\u0430\u0436\u0430\u043d\u0430 \u043e\u0441\u0432\u0456\u0442\u0430 \u043a\u0432\u0430\u043b\u0456\u0444\u0456\u043a\u043e\u0432\u0430\u043d\u043e\u0433\u043e \u0440\u043e\u0431\u0456\u0442\u043d\u0438\u043a\u0430, \u0432\u0438\u043c\u0430\u0433\u0430\u043d\u0456 \u0440\u0443\u0447\u043d\u0456 \u043d\u0430\u0432\u0438\u0447\u043a\u0438<\/li>\n<li>\u0412\u0438\u0434 \u0434\u043e\u0433\u043e\u0432\u043e\u0440\u0443: \u0442\u0440\u0443\u0434\u043e\u0432\u0438\u0439 \u0434\u043e\u0433\u043e\u0432\u0456\u0440<\/li>\n<li>\u0420\u043e\u0437\u043c\u0456\u0440 \u0441\u0442\u0430\u0432\u043a\u0438: 1<\/li>\n<li>1 \u0437\u043c\u0456\u043d\u044f \u0437 \u0433\u043e\u0434\u0438\u043d\u0438 7.00-15.00<\/li>\n<\/ul>\n","protected":false},"excerpt":{"rendered":"<p>Stanowisko: Dekorator ozd\u00f3b choinkowych Miejsce pracy: 32-300 Olkusz,\u00a0 ul. 20-stu Straconych 20, powiat: olkuski, woj: ma\u0142opolskie<\/p>\n","protected":false},"author":3,"featured_media":0,"parent":2588,"menu_order":0,"comment_status":"closed","ping_status":"closed","template":"","meta":{"footnotes":""},"class_list":["post-2643","page","type-page","status-publish","hentry"],"_links":{"self":[{"href":"https:\/\/armz.pl\/index.php?rest_route=\/wp\/v2\/pages\/2643","targetHints":{"allow":["GET"]}}],"collection":[{"href":"https:\/\/armz.pl\/index.php?rest_route=\/wp\/v2\/pages"}],"about":[{"href":"https:\/\/armz.pl\/index.php?rest_route=\/wp\/v2\/types\/page"}],"author":[{"embeddable":true,"href":"https:\/\/armz.pl\/index.php?rest_route=\/wp\/v2\/users\/3"}],"replies":[{"embeddable":true,"href":"https:\/\/armz.pl\/index.php?rest_route=%2Fwp%2Fv2%2Fcomments&post=2643"}],"version-history":[{"count":1,"href":"https:\/\/armz.pl\/index.php?rest_route=\/wp\/v2\/pages\/2643\/revisions"}],"predecessor-version":[{"id":2644,"href":"https:\/\/armz.pl\/index.php?rest_route=\/wp\/v2\/pages\/2643\/revisions\/2644"}],"up":[{"embeddable":true,"href":"https:\/\/armz.pl\/index.php?rest_route=\/wp\/v2\/pages\/2588"}],"wp:attachment":[{"href":"https:\/\/armz.pl\/index.php?rest_route=%2Fwp%2Fv2%2Fmedia&parent=2643"}],"curies":[{"name":"wp","href":"https:\/\/api.w.org\/{rel}","templated":true}]}}