{"id":2639,"date":"2023-01-27T08:05:11","date_gmt":"2023-01-27T08:05:11","guid":{"rendered":"https:\/\/armz.pl\/?page_id=2639"},"modified":"2023-01-27T08:05:11","modified_gmt":"2023-01-27T08:05:11","slug":"mlodszy-asystent-w-sekcji-epidemiologii-%d0%bc%d0%be%d0%bb%d0%be%d0%b4%d1%88%d0%b8%d0%b9-%d0%b0%d1%81%d0%b8%d1%81%d1%82%d0%b5%d0%bd%d1%82-%d1%83-%d0%b2%d1%96%d0%b4%d0%b4%d1%96%d0%bb%d0%b5%d0%bd","status":"publish","type":"page","link":"https:\/\/armz.pl\/?page_id=2639","title":{"rendered":"M\u0142odszy asystent w sekcji epidemiologii \/ \u041c\u043e\u043b\u043e\u0434\u0448\u0438\u0439 \u0430\u0441\u0438\u0441\u0442\u0435\u043d\u0442 \u0443 \u0432\u0456\u0434\u0434\u0456\u043b\u0435\u043d\u0456 \u0435\u043f\u0456\u0434\u0435\u043c\u0456\u043e\u043b\u043e\u0433\u0456\u0457 (27.01.2023 r.)"},"content":{"rendered":"<p>Stanowisko:<strong> M\u0142odszy asystent w sekcji epidemiologii<\/strong><\/p>\n<ul>\n<li>Miejsce pracy: 32-500 Chrzan\u00f3w, ul. Majora Franciszka Grzybowskiego, powiat: chrzanowski, woj.: ma\u0142opolskie<\/li>\n<li>Pracodawca: Powiatowa Stacja Sanitarno-Epidemiologiczna<\/li>\n<li>Zakres obowi\u0105zk\u00f3w: prowadzenie dochodze\u0144 epidemiologicznych, przeprowadzenie kontroli sanitarnych, sporz\u0105dzanie dokumentacji<\/li>\n<li>Wykszta\u0142cenie konieczne: wy\u017csze<\/li>\n<li>Wymagania: wykszta\u0142cenie wy\u017csze medyczne: piel\u0119gniarstwo, higiena i epidemiologia<\/li>\n<li>Rodzaj umowy: Umowa o prac\u0119<\/li>\n<li>Liczba godzin pracy w tygodniu 40<\/li>\n<\/ul>\n<p>&nbsp;<\/p>\n<p>\u041f\u043e\u0441\u0430\u0434\u0430: <strong>\u041c\u043e\u043b\u043e\u0434\u0448\u0438\u0439 \u0430\u0441\u0438\u0441\u0442\u0435\u043d\u0442 \u0443 \u0432\u0456\u0434\u0434\u0456\u043b\u0435\u043d\u0456 \u0435\u043f\u0456\u0434\u0435\u043c\u0456\u043e\u043b\u043e\u0433\u0456\u0457<\/strong><\/p>\n<ul>\n<li>\u041c\u0456\u0441\u0446\u0435 \u0440\u043e\u0431\u043e\u0442\u0438: 32-500 \u0425\u0448\u0430\u043d\u0443\u0432 (Chrzan\u00f3w) , \u0432\u0443\u043b. \u041c\u0430\u0439\u043e\u0440\u0430 \u0424\u0440\u0430\u043d\u0446\u0456\u0448\u043a\u0430 \u0413\u0436\u0438\u0431\u043e\u0432\u0441\u043a\u0456\u0435\u0433\u043e (Majora Franciszka Grzybowskiego), \u043f\u043e\u0432\u0456\u0442: \u0445\u0448\u0430\u043d\u043e\u0432\u0441\u044c\u043a\u0438\u0439, \u0432\u043e\u0454\u0432\u043e\u0434\u0441\u0442\u0432\u043e: \u043c\u0430\u043b\u043e\u043f\u043e\u043b\u044c\u0441\u044c\u043a\u0435<\/li>\n<li>\u0420\u043e\u0431\u043e\u0442\u043e\u0434\u0430\u0432\u0435\u0446\u044c: \u041f\u043e\u0432\u0456\u0442\u043e\u0432\u0438\u0439 \u0441\u0430\u043d\u0456\u0442\u0430\u0440\u043d\u043e-\u0435\u043f\u0456\u0434\u0435\u043c\u0456\u043e\u043b\u043e\u0433\u0456\u0447\u043d\u0438\u0439 \u0446\u0435\u043d\u0442\u0440<\/li>\n<li>\u041e\u0431\u043e\u0432\u2019\u044f\u0437\u043a\u0438: \u0432\u0435\u0434\u0435\u043d\u043d\u044f \u0435\u043f\u0456\u0434\u0435\u043c\u0456\u043e\u043b\u043e\u0433\u0456\u0447\u043d\u0438\u0445 \u043f\u0440\u043e\u0432\u0430\u0434\u0436\u0435\u043d\u044c, \u043f\u0440\u043e\u0432\u0435\u0434\u0435\u043d\u043d\u044f \u0441\u0430\u043d\u0456\u0442\u0430\u0440\u043d\u043e\u0433\u043e \u043a\u043e\u043d\u0442\u0440\u043e\u043b\u044e. \u043e\u0444\u043e\u0440\u043c\u043b\u0435\u043d\u043d\u044f \u0434\u043e\u043a\u0443\u043c\u0435\u043d\u0442\u0456\u0432<\/li>\n<li>\u0412\u0438\u043c\u0430\u0433\u0430\u043d\u0430 \u043e\u0441\u0432\u0456\u0442\u0430: \u0432\u0438\u0449\u0430<\/li>\n<li>\u0412\u0438\u043c\u043e\u0433\u0438: \u0432\u0438\u0449\u0430 \u043c\u0435\u0434\u0438\u0447\u043d\u0430 \u043e\u0441\u0432\u0456\u0442\u0430: \u043c\u0435\u0434\u0441\u0435\u0441\u0442\u0440\u0438\u043d\u0441\u044c\u043a\u0430 \u0441\u043f\u0440\u0430\u0432\u0430, \u0433\u0456\u0433\u0456\u0454\u043d\u0430 \u0442\u0430 \u0435\u043f\u0456\u0434\u0435\u043c\u0456\u043e\u043b\u043e\u0433\u0456\u044f<\/li>\n<li>\u0412\u0438\u0434 \u0434\u043e\u0433\u043e\u0432\u043e\u0440\u0443: \u0442\u0440\u0443\u0434\u043e\u0432\u0438\u0439 \u0434\u043e\u0433\u043e\u0432\u0456\u0440<\/li>\n<li>\u041a\u0456\u043b\u044c\u043a\u0456\u0441\u0442\u044c \u0433\u043e\u0434\u0438\u043d \u0440\u043e\u0431\u043e\u0442\u0438 \u0432 \u0442\u0438\u0436\u0434\u0435\u043d\u044c: 40<\/li>\n<\/ul>\n","protected":false},"excerpt":{"rendered":"<p>Stanowisko: M\u0142odszy asystent w sekcji epidemiologii Miejsce pracy: 32-500 Chrzan\u00f3w, ul. Majora Franciszka Grzybowskiego, powiat: chrzanowski,<\/p>\n","protected":false},"author":3,"featured_media":0,"parent":2588,"menu_order":0,"comment_status":"closed","ping_status":"closed","template":"","meta":{"footnotes":""},"class_list":["post-2639","page","type-page","status-publish","hentry"],"_links":{"self":[{"href":"https:\/\/armz.pl\/index.php?rest_route=\/wp\/v2\/pages\/2639","targetHints":{"allow":["GET"]}}],"collection":[{"href":"https:\/\/armz.pl\/index.php?rest_route=\/wp\/v2\/pages"}],"about":[{"href":"https:\/\/armz.pl\/index.php?rest_route=\/wp\/v2\/types\/page"}],"author":[{"embeddable":true,"href":"https:\/\/armz.pl\/index.php?rest_route=\/wp\/v2\/users\/3"}],"replies":[{"embeddable":true,"href":"https:\/\/armz.pl\/index.php?rest_route=%2Fwp%2Fv2%2Fcomments&post=2639"}],"version-history":[{"count":1,"href":"https:\/\/armz.pl\/index.php?rest_route=\/wp\/v2\/pages\/2639\/revisions"}],"predecessor-version":[{"id":2640,"href":"https:\/\/armz.pl\/index.php?rest_route=\/wp\/v2\/pages\/2639\/revisions\/2640"}],"up":[{"embeddable":true,"href":"https:\/\/armz.pl\/index.php?rest_route=\/wp\/v2\/pages\/2588"}],"wp:attachment":[{"href":"https:\/\/armz.pl\/index.php?rest_route=%2Fwp%2Fv2%2Fmedia&parent=2639"}],"curies":[{"name":"wp","href":"https:\/\/api.w.org\/{rel}","templated":true}]}}