{"id":2620,"date":"2023-01-11T09:56:26","date_gmt":"2023-01-11T09:56:26","guid":{"rendered":"https:\/\/armz.pl\/?page_id=2620"},"modified":"2023-01-11T10:02:38","modified_gmt":"2023-01-11T10:02:38","slug":"stanowisko-sprzataczka-%d0%bf%d0%be%d1%81%d0%b0%d0%b4%d0%b0-%d0%bf%d1%80%d0%b8%d0%b1%d0%b8%d1%80%d0%b0%d0%bb%d1%8c%d0%bd%d0%b8%d1%86%d1%8f","status":"publish","type":"page","link":"https:\/\/armz.pl\/?page_id=2620","title":{"rendered":"Stanowisko: Sprz\u0105taczka &#8211; \u041f\u043e\u0441\u0430\u0434\u0430: \u041f\u0440\u0438\u0431\u0438\u0440\u0430\u043b\u044c\u043d\u0438\u0446\u044f"},"content":{"rendered":"<p>Stanowisko:<strong> Sprz\u0105taczka<\/strong><\/p>\n<ul>\n<li>Miejsce pracy: 32-340 Wolbrom,\u00a0 ul. Pompka 7, powiat: olkuski, woj: ma\u0142opolskie<\/li>\n<li>Pracodawca: BARCZYK Zak\u0142ad Mi\u0119sny Sp\u00f3\u0142ka Jawna<\/li>\n<li>Zakres obowi\u0105zk\u00f3w: sprz\u0105tanie<\/li>\n<li>Wykszta\u0142cenie: podstawowe<\/li>\n<li>Wymagania: wymagane wykszta\u0142cenie podstawowe.<\/li>\n<li>Rodzaj umowy: Umowa o prac\u0119<\/li>\n<li>Wymiar etatu: 1<\/li>\n<\/ul>\n<p>&nbsp;<\/p>\n<p>\u041f\u043e\u0441\u0430\u0434\u0430:<strong> \u041f<\/strong><strong>\u0440\u0438\u0431\u0438\u0440\u0430\u043b\u044c\u043d\u0438\u0446\u044f<\/strong><\/p>\n<ul>\n<li>\u041c\u0456\u0441\u0446\u0435 \u0440\u043e\u0431\u043e\u0442\u0438: 32-340 \u0412\u043e\u043b\u044c\u0431\u0440\u043e\u043c (Wolbrom), \u0432\u0443\u043b. \u041f\u043e\u043c\u043f\u043a\u0430 (Pompka) 7 , \u043f\u043e\u0432\u0456\u0442: \u043e\u043b\u044c\u043a\u0443\u0441\u043a\u0438\u0439, \u0432\u043e\u0454\u0432\u043e\u0434\u0441\u0442\u0432\u043e: \u043c\u0430\u043b\u043e\u043f\u043e\u043b\u044c\u0441\u044c\u043a\u0435<\/li>\n<li>\u0420\u043e\u0431\u043e\u0442\u043e\u0434\u0430\u0432\u0435\u0446\u044c: \u0411\u0430\u0440\u0447\u0438\u043a (Barczyk) \u041c\u2019\u044f\u0441\u043d\u0438\u0439 \u0437\u0430\u0432\u043e\u0434 \u0412\u0456\u0434\u043a\u0440\u0438\u0442\u0435 \u0442\u043e\u0432\u0430\u0440\u0438\u0441\u0442\u0432\u043e<\/li>\n<li>\u041e\u0431\u043e\u0432\u2019\u044f\u0437\u043a\u0438: \u043f\u0440\u0438\u0431\u0438\u0440\u0430\u043d\u043d\u044f<\/li>\n<li>\u041e\u0441\u0432\u0456\u0442\u0430: \u043f\u043e\u0447\u0430\u0442\u043a\u043e\u0432\u0430<\/li>\n<li>\u0412\u0438\u043c\u043e\u0433\u0438: \u0432\u0438\u043c\u0430\u0433\u0430\u0454\u0442\u044c\u0441\u044f \u043f\u043e\u0447\u0430\u0442\u043a\u043e\u0432\u0430 \u043e\u0441\u0432\u0456\u0442\u0430<\/li>\n<li>\u0412\u0438\u0434 \u0443\u0433\u043e\u0434\u0438: \u0442\u0440\u0443\u0434\u043e\u0432\u0438\u0439 \u0434\u043e\u0433\u043e\u0432\u0456\u0440<\/li>\n<li>\u0420\u043e\u0431\u043e\u0447\u0438\u0439 \u0447\u0430\u0441: \u043f\u043e\u0432\u043d\u0430 \u0441\u0442\u0430\u0432\u043a\u0430<\/li>\n<\/ul>\n","protected":false},"excerpt":{"rendered":"<p>Stanowisko: Sprz\u0105taczka Miejsce pracy: 32-340 Wolbrom,\u00a0 ul. Pompka 7, powiat: olkuski, woj: ma\u0142opolskie Pracodawca: BARCZYK Zak\u0142ad<\/p>\n","protected":false},"author":3,"featured_media":0,"parent":2588,"menu_order":0,"comment_status":"closed","ping_status":"closed","template":"","meta":{"footnotes":""},"class_list":["post-2620","page","type-page","status-publish","hentry"],"_links":{"self":[{"href":"https:\/\/armz.pl\/index.php?rest_route=\/wp\/v2\/pages\/2620","targetHints":{"allow":["GET"]}}],"collection":[{"href":"https:\/\/armz.pl\/index.php?rest_route=\/wp\/v2\/pages"}],"about":[{"href":"https:\/\/armz.pl\/index.php?rest_route=\/wp\/v2\/types\/page"}],"author":[{"embeddable":true,"href":"https:\/\/armz.pl\/index.php?rest_route=\/wp\/v2\/users\/3"}],"replies":[{"embeddable":true,"href":"https:\/\/armz.pl\/index.php?rest_route=%2Fwp%2Fv2%2Fcomments&post=2620"}],"version-history":[{"count":2,"href":"https:\/\/armz.pl\/index.php?rest_route=\/wp\/v2\/pages\/2620\/revisions"}],"predecessor-version":[{"id":2630,"href":"https:\/\/armz.pl\/index.php?rest_route=\/wp\/v2\/pages\/2620\/revisions\/2630"}],"up":[{"embeddable":true,"href":"https:\/\/armz.pl\/index.php?rest_route=\/wp\/v2\/pages\/2588"}],"wp:attachment":[{"href":"https:\/\/armz.pl\/index.php?rest_route=%2Fwp%2Fv2%2Fmedia&parent=2620"}],"curies":[{"name":"wp","href":"https:\/\/api.w.org\/{rel}","templated":true}]}}