{"id":2602,"date":"2022-12-07T15:45:29","date_gmt":"2022-12-07T15:45:29","guid":{"rendered":"https:\/\/armz.pl\/?page_id=2602"},"modified":"2022-12-07T15:45:29","modified_gmt":"2022-12-07T15:45:29","slug":"architekt-wnetrz-%d0%b4%d0%b8%d0%b7%d0%b0%d0%b9%d0%bd%d0%b5%d1%80-%d1%96%d0%bd%d1%82%d0%b5%d1%80%d1%94%d1%80%d1%83","status":"publish","type":"page","link":"https:\/\/armz.pl\/?page_id=2602","title":{"rendered":"ARCHITEKT WN\u0118TRZ &#8211; \u0414\u0418\u0417\u0410\u0419\u041d\u0415\u0420 \u0406\u041d\u0422\u0415\u0420\u2019\u0404\u0420\u0423"},"content":{"rendered":"<p><strong>Stanowisko: ARCHITEKT WN\u0118TRZ<\/strong><\/p>\n<p><strong>Miejsce pracy:<\/strong> 32-500 Chrzan\u00f3w, ul. Fabryczna 20 G ,powiat: chrzanowski, woj: ma\u0142opolskie<br \/>\n<strong>Pracodawca:<\/strong> Profit s.c. Miros\u0142aw Klimek, Robert Kulczyk<br \/>\n<strong>Zakres obowi\u0105zk\u00f3w:<\/strong> projektowanie i sprzeda\u017c mebli kuchennych<br \/>\n<strong>Wykszta\u0142cenie:<\/strong> architekt wn\u0119trz<br \/>\n<strong>Wymagania:<\/strong> obs\u0142uga komputera, znajomo\u015b\u0107 obs\u0142ugi programu zwi\u0105zanego z projektowaniem wn\u0119trz\/mebli, min.1 rok do\u015bwiadczenia w zawodzie.<br \/>\n<strong>Rodzaj umowy:<\/strong> Umowa o prac\u0119<br \/>\n<strong>Wymiar etatu:<\/strong> 1<\/p>\n<p><strong>\u041f\u043e\u0441\u0430\u0434\u0430: \u0414\u0418\u0417\u0410\u0419\u041d\u0415\u0420 \u0406\u041d\u0422\u0415\u0420\u2019\u0404\u0420\u0423<\/strong><\/p>\n<p><strong>\u041c\u0456\u0441\u0446\u0435 \u0440\u043e\u0431\u043e\u0442\u0438:<\/strong> 32-500 \u0425\u0448\u0430\u043d\u0443\u0432, \u0432\u0443\u043b. \u0424\u0430\u0431\u0440\u0438\u0447\u043d\u0430 (Fabryczna) 20 G , \u043f\u043e\u0432\u0456\u0442: \u0445\u0448\u0430\u043d\u043e\u0432\u0441\u044c\u043a\u0438\u0439, \u0432\u043e\u0454\u0432\u043e\u0434\u0441\u0442\u0432\u043e: \u043c\u0430\u043b\u043e\u043f\u043e\u043b\u044c\u0441\u044c\u043a\u0435<br \/>\n<strong>\u0420\u043e\u0431\u043e\u0442\u043e\u0434\u0430\u0432\u0435\u0446\u044c:<\/strong> \u041f\u0440\u043e\u0444\u0456\u0442 \u0446. \u0442. \u041c\u0456\u0440\u043e\u0441\u043b\u0430\u0432 \u041a\u043b\u0456\u043c\u0435\u043a, \u0420\u043e\u0431\u0435\u0440\u0442 \u041a\u0443\u043b\u044c\u0447\u0438\u043a (Profit s.c. Miros\u0142aw Klimek, Robert Kulczyk)<br \/>\n<strong>\u041e\u0431\u043e\u0432\u2019\u044f\u0437\u043a\u0438:<\/strong> \u043f\u0440\u043e\u0435\u043a\u0442\u0443\u0432\u0430\u043d\u043d\u044f \u0442\u0430 \u043f\u0440\u043e\u0434\u0430\u0436 \u043a\u0443\u0445\u043e\u043d\u043d\u043e\u0457 \u043c\u0435\u0431\u043b\u0456<br \/>\n<strong>\u041e\u0441\u0432\u0456\u0442\u0430:<\/strong> \u0434\u0438\u0437\u0430\u0439\u043d\u0435\u0440 \u0456\u043d\u0442\u0435\u0440\u2019\u0454\u0440\u0443<br \/>\n<strong>\u0412\u0438\u043c\u043e\u0433\u0438:<\/strong> \u043e\u0431\u0441\u043b\u0443\u0433\u043e\u0432\u0443\u0432\u0430\u043d\u043d\u044f \u043a\u043e\u043c\u043f\u2019\u044e\u0442\u0435\u0440\u0430, \u0437\u043d\u0430\u043d\u043d\u044f \u043f\u0440\u043e\u0433\u0440\u0430\u043c\u0438 \u0434\u043b\u044f \u043f\u0440\u043e\u0435\u043a\u0442\u0443\u0432\u0430\u043d\u043d\u044f \u0456\u043d\u0435\u0440\u2019\u0454\u0440\u0443\/\u043c\u0435\u0431\u043b\u0456, \u044f\u043a \u043c\u0456\u043d\u0456\u043c\u0443\u043c 1 \u0440\u0456\u0434 \u0434\u043e\u0441\u0432\u0456\u0434\u0443 \u0443 \u043f\u0440\u043e\u0444\u0435\u0441\u0456\u0439\u043d\u0456\u0439 \u0434\u0456\u044f\u043b\u044c\u043d\u043e\u0441\u0442\u0456.<br \/>\n<strong>\u0412\u0438\u0434 \u0443\u0433\u043e\u0434\u0438:<\/strong> \u0442\u0440\u0443\u0434\u043e\u0432\u0438\u0439 \u0434\u043e\u0433\u043e\u0432\u0456\u0440<br \/>\n<strong>\u0420\u043e\u0431\u043e\u0447\u0438\u0439 \u0447\u0430\u0441:<\/strong> \u043f\u043e\u0432\u043d\u0430 \u0441\u0442\u0430\u0432\u043a\u0430<\/p>\n","protected":false},"excerpt":{"rendered":"<p>Stanowisko: ARCHITEKT WN\u0118TRZ Miejsce pracy: 32-500 Chrzan\u00f3w, ul. Fabryczna 20 G ,powiat: chrzanowski, woj: ma\u0142opolskie Pracodawca:<\/p>\n","protected":false},"author":1,"featured_media":0,"parent":0,"menu_order":0,"comment_status":"closed","ping_status":"closed","template":"","meta":{"footnotes":""},"class_list":["post-2602","page","type-page","status-publish","hentry"],"_links":{"self":[{"href":"https:\/\/armz.pl\/index.php?rest_route=\/wp\/v2\/pages\/2602","targetHints":{"allow":["GET"]}}],"collection":[{"href":"https:\/\/armz.pl\/index.php?rest_route=\/wp\/v2\/pages"}],"about":[{"href":"https:\/\/armz.pl\/index.php?rest_route=\/wp\/v2\/types\/page"}],"author":[{"embeddable":true,"href":"https:\/\/armz.pl\/index.php?rest_route=\/wp\/v2\/users\/1"}],"replies":[{"embeddable":true,"href":"https:\/\/armz.pl\/index.php?rest_route=%2Fwp%2Fv2%2Fcomments&post=2602"}],"version-history":[{"count":1,"href":"https:\/\/armz.pl\/index.php?rest_route=\/wp\/v2\/pages\/2602\/revisions"}],"predecessor-version":[{"id":2603,"href":"https:\/\/armz.pl\/index.php?rest_route=\/wp\/v2\/pages\/2602\/revisions\/2603"}],"wp:attachment":[{"href":"https:\/\/armz.pl\/index.php?rest_route=%2Fwp%2Fv2%2Fmedia&parent=2602"}],"curies":[{"name":"wp","href":"https:\/\/api.w.org\/{rel}","templated":true}]}}