{"id":1086,"date":"2017-11-28T12:21:47","date_gmt":"2017-11-28T12:21:47","guid":{"rendered":"http:\/\/themes.muffingroup.com\/be\/employment\/?page_id=2"},"modified":"2024-04-02T08:15:40","modified_gmt":"2024-04-02T08:15:40","slug":"home","status":"publish","type":"page","link":"https:\/\/armz.pl\/","title":{"rendered":"Strona g\u0142\u00f3wna"},"content":{"rendered":"<section class=\"wpb-content-wrapper\"><p>[vc_row css=&#8221;.vc_custom_1711542974764{margin-top: 20px !important;}&#8221;][vc_column][vc_column_text]<img loading=\"lazy\" decoding=\"async\" class=\"aligncenter size-large wp-image-2993\" src=\"https:\/\/armz.pl\/wp-content\/uploads\/2024\/02\/PL-Pasek_FE-RGB-poziom-1024x88.png\" alt=\"\" width=\"1024\" height=\"88\" srcset=\"https:\/\/armz.pl\/wp-content\/uploads\/2024\/02\/PL-Pasek_FE-RGB-poziom-1024x88.png 1024w, https:\/\/armz.pl\/wp-content\/uploads\/2024\/02\/PL-Pasek_FE-RGB-poziom-300x26.png 300w, https:\/\/armz.pl\/wp-content\/uploads\/2024\/02\/PL-Pasek_FE-RGB-poziom-768x66.png 768w, https:\/\/armz.pl\/wp-content\/uploads\/2024\/02\/PL-Pasek_FE-RGB-poziom-1536x132.png 1536w, https:\/\/armz.pl\/wp-content\/uploads\/2024\/02\/PL-Pasek_FE-RGB-poziom-2048x176.png 2048w, https:\/\/armz.pl\/wp-content\/uploads\/2024\/02\/PL-Pasek_FE-RGB-poziom-260x22.png 260w, https:\/\/armz.pl\/wp-content\/uploads\/2024\/02\/PL-Pasek_FE-RGB-poziom-50x4.png 50w, https:\/\/armz.pl\/wp-content\/uploads\/2024\/02\/PL-Pasek_FE-RGB-poziom-150x13.png 150w\" sizes=\"auto, (max-width: 1024px) 100vw, 1024px\" \/>[\/vc_column_text][vc_separator color=&#8221;custom&#8221; el_width=&#8221;70&#8243; accent_color=&#8221;#000b77&#8243;][vc_column_text]<img loading=\"lazy\" decoding=\"async\" class=\"alignnone wp-image-2997 aligncenter\" src=\"https:\/\/armz.pl\/wp-content\/uploads\/2024\/02\/Logo_UE_RGB_UE_Dofinansowane_RGB-1.jpg\" alt=\"\" width=\"260\" height=\"83\" srcset=\"https:\/\/armz.pl\/wp-content\/uploads\/2024\/02\/Logo_UE_RGB_UE_Dofinansowane_RGB-1.jpg 1849w, https:\/\/armz.pl\/wp-content\/uploads\/2024\/02\/Logo_UE_RGB_UE_Dofinansowane_RGB-1-300x96.jpg 300w, https:\/\/armz.pl\/wp-content\/uploads\/2024\/02\/Logo_UE_RGB_UE_Dofinansowane_RGB-1-1024x328.jpg 1024w, https:\/\/armz.pl\/wp-content\/uploads\/2024\/02\/Logo_UE_RGB_UE_Dofinansowane_RGB-1-768x246.jpg 768w, https:\/\/armz.pl\/wp-content\/uploads\/2024\/02\/Logo_UE_RGB_UE_Dofinansowane_RGB-1-1536x492.jpg 1536w, https:\/\/armz.pl\/wp-content\/uploads\/2024\/02\/Logo_UE_RGB_UE_Dofinansowane_RGB-1-260x83.jpg 260w, https:\/\/armz.pl\/wp-content\/uploads\/2024\/02\/Logo_UE_RGB_UE_Dofinansowane_RGB-1-50x16.jpg 50w, https:\/\/armz.pl\/wp-content\/uploads\/2024\/02\/Logo_UE_RGB_UE_Dofinansowane_RGB-1-150x48.jpg 150w\" sizes=\"auto, (max-width: 260px) 100vw, 260px\" \/><\/p>\n<p style=\"text-align: center;\"><span style=\"font-size: 12pt;\">\u201eUtworzenie innowacyjnych przestrzeni typu Fablab na terenie Ma\u0142opolski Zachodniej wraz z organizacj\u0105 dzia\u0142a\u0144 mobilnych\u201d<\/span><\/p>\n<p style=\"text-align: center;\"><img loading=\"lazy\" decoding=\"async\" class=\"alignnone wp-image-2997\" src=\"https:\/\/armz.pl\/wp-content\/uploads\/2024\/02\/Logo_UE_RGB_UE_Dofinansowane_RGB-1.jpg\" alt=\"\" width=\"257\" height=\"82\" srcset=\"https:\/\/armz.pl\/wp-content\/uploads\/2024\/02\/Logo_UE_RGB_UE_Dofinansowane_RGB-1.jpg 1849w, https:\/\/armz.pl\/wp-content\/uploads\/2024\/02\/Logo_UE_RGB_UE_Dofinansowane_RGB-1-300x96.jpg 300w, https:\/\/armz.pl\/wp-content\/uploads\/2024\/02\/Logo_UE_RGB_UE_Dofinansowane_RGB-1-1024x328.jpg 1024w, https:\/\/armz.pl\/wp-content\/uploads\/2024\/02\/Logo_UE_RGB_UE_Dofinansowane_RGB-1-768x246.jpg 768w, https:\/\/armz.pl\/wp-content\/uploads\/2024\/02\/Logo_UE_RGB_UE_Dofinansowane_RGB-1-1536x492.jpg 1536w, https:\/\/armz.pl\/wp-content\/uploads\/2024\/02\/Logo_UE_RGB_UE_Dofinansowane_RGB-1-260x83.jpg 260w, https:\/\/armz.pl\/wp-content\/uploads\/2024\/02\/Logo_UE_RGB_UE_Dofinansowane_RGB-1-50x16.jpg 50w, https:\/\/armz.pl\/wp-content\/uploads\/2024\/02\/Logo_UE_RGB_UE_Dofinansowane_RGB-1-150x48.jpg 150w\" sizes=\"auto, (max-width: 257px) 100vw, 257px\" \/><\/p>\n<p style=\"text-align: center;\"><span style=\"font-size: 12pt;\">&#8222;Ma\u0142opolski O\u015brodek Wsparcia Ekonomii Spo\u0142ecznej w Chrzanowie&#8221;<\/span><\/p>\n<p>[\/vc_column_text][vc_separator color=&#8221;custom&#8221; el_width=&#8221;70&#8243; accent_color=&#8221;#000b77&#8243;][\/vc_column][\/vc_row][vc_row][vc_column width=&#8221;1\/4&#8243;]<div data-id=\"mpc_counter-7369d022493f593\" class=\"mpc-counter mpc-init mpc-transition mpc-waypoint mpc-counter--style_4 mpc-align--center \" ><h3 class=\"mpc-counter__heading mpc-typography--preset_0\">Kwota udzielonych po\u017cyczek - ponad<\/h3><div data-id=\"mpc_icon-6869d022493f5e7\" class=\"mpc-icon mpc-init mpc-transition mpc-effect-none mpc-icon-hover \"><div class=\"mpc-icon-wrap\"><i class=\"mpc-icon-part mpc-regular mpc-transition  fa fa-dollar\"><\/i><i class=\"mpc-icon-part mpc-hover mpc-transition  fa fa-dollar\"><\/i><\/div><\/div><div data-id=\"mpc_divider-1869d022493f607\" class=\"mpc-divider-wrap\"><div class=\"mpc-divider mpc-init mpc-align--center mpc-disable--left \" ><div class=\"mpc-divider__line mpc-side--left\"><span><\/span><\/div><div class=\"mpc-divider__line mpc-side--right\"><span><\/span><\/div><\/div><\/div><div class=\"mpc-counter__counter\"><div class=\"mpc-counter--target\" data-options=\"{&quot;useEasing&quot;:true,&quot;value&quot;:33915200,&quot;initial&quot;:18050154,&quot;duration&quot;:2,&quot;delay&quot;:0,&quot;separator&quot;:&quot;.&quot;,&quot;decimals&quot;:0,&quot;decimal&quot;:&quot;.&quot;}\" data-to=\"33915200\">18050154<\/div><div class=\"mpc-counter--sizer\">33.915.200<\/div><\/div><\/div>[vc_column_text]<\/p>\n<p style=\"text-align: center;\"><span style=\"font-size: 18pt;\">z\u0142<\/span><\/p>\n<p>[\/vc_column_text][\/vc_column][vc_column width=&#8221;1\/4&#8243;]<div data-id=\"mpc_counter-2069d022493f65b\" class=\"mpc-counter mpc-init mpc-transition mpc-waypoint mpc-counter--style_4 mpc-align--center \" ><h3 class=\"mpc-counter__heading mpc-typography--preset_0\">Szkolenia, warsztaty, porady dla ponad<\/h3><div data-id=\"mpc_icon-7469d022493f68c\" class=\"mpc-icon mpc-init mpc-transition mpc-effect-none mpc-icon-hover \"><div class=\"mpc-icon-wrap\"><i class=\"mpc-icon-part mpc-regular mpc-transition  fa fa-line-chart\"><\/i><i class=\"mpc-icon-part mpc-hover mpc-transition  fa fa-line-chart\"><\/i><\/div><\/div><div data-id=\"mpc_divider-7769d022493f69f\" class=\"mpc-divider-wrap\"><div class=\"mpc-divider mpc-init mpc-align--center mpc-disable--left \" ><div class=\"mpc-divider__line mpc-side--left\"><span><\/span><\/div><div class=\"mpc-divider__line mpc-side--right\"><span><\/span><\/div><\/div><\/div><div class=\"mpc-counter__counter\"><div class=\"mpc-counter--target\" data-options=\"{&quot;useEasing&quot;:true,&quot;value&quot;:1458,&quot;initial&quot;:480,&quot;duration&quot;:2,&quot;delay&quot;:0,&quot;separator&quot;:&quot;.&quot;,&quot;decimals&quot;:0,&quot;decimal&quot;:&quot;.&quot;}\" data-to=\"1458\">480<\/div><div class=\"mpc-counter--sizer\">1.458<\/div><\/div><\/div>[vc_column_text]<\/p>\n<p style=\"text-align: center;\"><span style=\"font-size: 18pt;\">os\u00f3b<\/span><\/p>\n<p>[\/vc_column_text][\/vc_column][vc_column width=&#8221;1\/4&#8243;]<div data-id=\"mpc_counter-9869d022493f6f2\" class=\"mpc-counter mpc-init mpc-transition mpc-waypoint mpc-counter--style_4 mpc-align--center \" ><h3 class=\"mpc-counter__heading mpc-typography--preset_0\">Zrealizowanych godzin doradczych - ponad<\/h3><div data-id=\"mpc_icon-5769d022493f714\" class=\"mpc-icon mpc-init mpc-transition mpc-effect-none mpc-icon-hover \"><div class=\"mpc-icon-wrap\"><i class=\"mpc-icon-part mpc-regular mpc-transition  fa fa-group\"><\/i><i class=\"mpc-icon-part mpc-hover mpc-transition  fa fa-group\"><\/i><\/div><\/div><div data-id=\"mpc_divider-3569d022493f725\" class=\"mpc-divider-wrap\"><div class=\"mpc-divider mpc-init mpc-align--center mpc-disable--left \" ><div class=\"mpc-divider__line mpc-side--left\"><span><\/span><\/div><div class=\"mpc-divider__line mpc-side--right\"><span><\/span><\/div><\/div><\/div><div class=\"mpc-counter__counter\"><div class=\"mpc-counter--target\" data-options=\"{&quot;useEasing&quot;:true,&quot;value&quot;:15000,&quot;initial&quot;:10340,&quot;duration&quot;:2,&quot;delay&quot;:0,&quot;separator&quot;:&quot;.&quot;,&quot;decimals&quot;:0,&quot;decimal&quot;:&quot;.&quot;}\" data-to=\"15000\">10340<\/div><div class=\"mpc-counter--sizer\">15.000<\/div><\/div><\/div>[vc_column_text]<\/p>\n<p style=\"text-align: center;\"><span style=\"font-size: 18pt;\">godzin<\/span><\/p>\n<p>[\/vc_column_text][\/vc_column][vc_column width=&#8221;1\/4&#8243;]<div data-id=\"mpc_counter-4569d022493f762\" class=\"mpc-counter mpc-init mpc-transition mpc-waypoint mpc-counter--style_4 mpc-align--center \" ><h3 class=\"mpc-counter__heading mpc-typography--preset_0\">Kwota wyp\u0142aconych grant\u00f3w ponad<\/h3><div data-id=\"mpc_icon-7769d022493f787\" class=\"mpc-icon mpc-init mpc-transition mpc-effect-none mpc-icon-hover \"><div class=\"mpc-icon-wrap\"><i class=\"mpc-icon-part mpc-regular mpc-transition  fa fa-stack-overflow\"><\/i><i class=\"mpc-icon-part mpc-hover mpc-transition  fa fa-stack-overflow\"><\/i><\/div><\/div><div data-id=\"mpc_divider-7969d022493f797\" class=\"mpc-divider-wrap\"><div class=\"mpc-divider mpc-init mpc-align--center mpc-disable--left \" ><div class=\"mpc-divider__line mpc-side--left\"><span><\/span><\/div><div class=\"mpc-divider__line mpc-side--right\"><span><\/span><\/div><\/div><\/div><div class=\"mpc-counter__counter\"><div class=\"mpc-counter--target\" data-options=\"{&quot;useEasing&quot;:true,&quot;value&quot;:1363843,&quot;initial&quot;:339057,&quot;duration&quot;:2,&quot;delay&quot;:0,&quot;separator&quot;:&quot;.&quot;,&quot;decimals&quot;:0,&quot;decimal&quot;:&quot;.&quot;}\" data-to=\"1363843\">339057<\/div><div class=\"mpc-counter--sizer\">1.363.843<\/div><\/div><\/div>[vc_column_text]<\/p>\n<p style=\"text-align: center;\"><span style=\"font-size: 18pt;\">z\u0142<\/span><\/p>\n<p>[\/vc_column_text][\/vc_column][\/vc_row][vc_row][vc_column][vc_separator color=&#8221;custom&#8221; el_width=&#8221;70&#8243; accent_color=&#8221;#000b77&#8243;][\/vc_column][\/vc_row][vc_row][vc_column]<div class=\"mpc-carousel__wrapper mpc-waypoint\"><div id=\"mpc_carousel_posts-9969d022494132f\" class=\"mpc-carousel-posts mpc-init mpc-init mpc-transition mpc-overlay--fade mpc-item--fade mpc-layout--style_9  \"   data-mpcslick='{\"infinite\":true,\"autoplay\":true,\"slidesToShow\":4,\"slidesToScroll\":1,\"centerMode\":false,\"initialSlide\":0,\"autoplaySpeed\":2000}' data-slick-cols=\"4\"><div onclick=\"\" class=\"mpc-post\"><div class=\"mpc-post__wrapper\"><div class=\"mpc-post__content mpc-transition\"><h3 class=\"mpc-post__heading mpc-transition mpc-text-overflow\"><a href=\"https:\/\/armz.pl\/?p=520\" title=\"Informacje dla klient\u00f3w ARMZ S.A.\">Informacje dla klient\u00f3w ARMZ S.A.<\/a><\/h3><div class=\"mpc-post__description\">Szanowni Pa\u0144stwo, Informujemy i\u017c w dniu 14.08.2020 r. Agencja Rozwoju Ma\u0142opolski Zachodniej S.A.\u00a0w Chrzanowie\u00a0b\u0119dzie nieczynna. Za<\/div><a href=\"https:\/\/armz.pl\/?p=520\" title=\"Informacje dla klient\u00f3w ARMZ S.A.\"  class=\"mpc-button mpc-init mpc-transition \" ><div class=\"mpc-button__content mpc-effect-type--none mpc-effect-side--none\"><span class=\"mpc-button__title mpc-transition\">Czytaj wi\u0119cej<\/span><\/div><div class=\"mpc-button__background mpc-transition mpc-effect-type--fade mpc-effect-side--in\"><\/div><\/a><\/div><\/div><\/div><div onclick=\"\" class=\"mpc-post\"><div class=\"mpc-post__wrapper\"><div class=\"mpc-post__content mpc-transition\"><h3 class=\"mpc-post__heading mpc-transition mpc-text-overflow\"><a href=\"https:\/\/armz.pl\/?p=526\" title=\"Panel dyskusyjny \u201eBabice \u2013 gmina przyjazna inwestorom\u201d\">Panel dyskusyjny \u201eBabice \u2013 gmina przyjazna inwestorom\u201d<\/a><\/h3><div class=\"mpc-post__description\">Szanowni Pa\u0144stwo, Serdecznie zapraszamy do udzia\u0142u w panelu dyskusyjnym \u201eBabice \u2013 gmina przyjazna inwestorom\u201d, kt\u00f3ry odb\u0119dzie<\/div><a href=\"https:\/\/armz.pl\/?p=526\" title=\"Panel dyskusyjny \u201eBabice \u2013 gmina przyjazna inwestorom\u201d\"  class=\"mpc-button mpc-init mpc-transition \" ><div class=\"mpc-button__content mpc-effect-type--none mpc-effect-side--none\"><span class=\"mpc-button__title mpc-transition\">Czytaj wi\u0119cej<\/span><\/div><div class=\"mpc-button__background mpc-transition mpc-effect-type--fade mpc-effect-side--in\"><\/div><\/a><\/div><\/div><\/div><div onclick=\"\" class=\"mpc-post\"><div class=\"mpc-post__wrapper\"><div class=\"mpc-post__content mpc-transition\"><h3 class=\"mpc-post__heading mpc-transition mpc-text-overflow\"><a href=\"https:\/\/armz.pl\/?p=528\" title=\"Deklaracja dost\u0119pno\u015bci\">Deklaracja dost\u0119pno\u015bci<\/a><\/h3><div class=\"mpc-post__description\">Deklaracja dost\u0119pno\u015bci Agencji Rozwoju Ma\u0142opolski Zachodniej S.A. Agencja Rozwoju Ma\u0142opolski Zachodniej S.A. zobowi\u0105zuje si\u0119 zapewni\u0107 dost\u0119pno\u015b\u0107<\/div><a href=\"https:\/\/armz.pl\/?p=528\" title=\"Deklaracja dost\u0119pno\u015bci\"  class=\"mpc-button mpc-init mpc-transition \" ><div class=\"mpc-button__content mpc-effect-type--none mpc-effect-side--none\"><span class=\"mpc-button__title mpc-transition\">Czytaj wi\u0119cej<\/span><\/div><div class=\"mpc-button__background mpc-transition mpc-effect-type--fade mpc-effect-side--in\"><\/div><\/a><\/div><\/div><\/div><div onclick=\"\" class=\"mpc-post\"><div class=\"mpc-post__wrapper\"><div class=\"mpc-post__content mpc-transition\"><h3 class=\"mpc-post__heading mpc-transition mpc-text-overflow\"><a href=\"https:\/\/armz.pl\/?p=530\" title=\"Dotacje na tworzenie miejsc pracy dla os\u00f3b zagro\u017conych ub\u00f3stwem lub wykluczeniem spo\u0142ecznym w przedsi\u0119biorstwach spo\u0142ecznych\">Dotacje na tworzenie miejsc pracy dla os\u00f3b zagro\u017conych ub\u00f3stwem lub wykluczeniem spo\u0142ecznym w przedsi\u0119biorstwach spo\u0142ecznych<\/a><\/h3><div class=\"mpc-post__description\">Projekt pn. \u201eMOWES2 \u2013 Ma\u0142opolski O\u015brodek Wsparcia Ekonomii Spo\u0142ecznej \u2013 Ma\u0142opolska Zachodnia\u201d Szanowni Pa\u0144stwo, Uprzejmie informujemy,<\/div><a href=\"https:\/\/armz.pl\/?p=530\" title=\"Dotacje na tworzenie miejsc pracy dla os\u00f3b zagro\u017conych ub\u00f3stwem lub wykluczeniem spo\u0142ecznym w przedsi\u0119biorstwach spo\u0142ecznych\"  class=\"mpc-button mpc-init mpc-transition \" ><div class=\"mpc-button__content mpc-effect-type--none mpc-effect-side--none\"><span class=\"mpc-button__title mpc-transition\">Czytaj wi\u0119cej<\/span><\/div><div class=\"mpc-button__background mpc-transition mpc-effect-type--fade mpc-effect-side--in\"><\/div><\/a><\/div><\/div><\/div><div onclick=\"\" class=\"mpc-post\"><div class=\"mpc-post__wrapper\"><div class=\"mpc-post__content mpc-transition\"><h3 class=\"mpc-post__heading mpc-transition mpc-text-overflow\"><a href=\"https:\/\/armz.pl\/?p=534\" title=\"Oferty pracy w sieci EURES\">Oferty pracy w sieci EURES<\/a><\/h3><div class=\"mpc-post__description\">Powiatowy Urz\u0105d Pracy w Chrzanowie zaprasza do zapoznania si\u0119 z aktualnymi ofertami pracy w ramach sieci<\/div><a href=\"https:\/\/armz.pl\/?p=534\" title=\"Oferty pracy w sieci EURES\"  class=\"mpc-button mpc-init mpc-transition \" ><div class=\"mpc-button__content mpc-effect-type--none mpc-effect-side--none\"><span class=\"mpc-button__title mpc-transition\">Czytaj wi\u0119cej<\/span><\/div><div class=\"mpc-button__background mpc-transition mpc-effect-type--fade mpc-effect-side--in\"><\/div><\/a><\/div><\/div><\/div><div onclick=\"\" class=\"mpc-post\"><div class=\"mpc-post__wrapper\"><div class=\"mpc-post__content mpc-transition\"><h3 class=\"mpc-post__heading mpc-transition mpc-text-overflow\"><a href=\"https:\/\/armz.pl\/?p=536\" title=\"Ma\u0142opolska Agencja Rozwoju Regionalnego S.A. zaprasza na konferencj\u0119 pt. \u201eNowa rzeczywisto\u015b\u0107 \u2013 wyzwania rynku pracy w czasach nieprzewidywalnej zmiany\u201d\">Ma\u0142opolska Agencja Rozwoju Regionalnego S.A. zaprasza na konferencj\u0119 pt. \u201eNowa rzeczywisto\u015b\u0107 \u2013 wyzwania rynku pracy w czasach nieprzewidywalnej zmiany\u201d<\/a><\/h3><div class=\"mpc-post__description\">Konferencja EduLab \u2013 \u201eNowa rzeczywisto\u015b\u0107 \u2013 wyzwania rynku pracy w czasach nieprzewidywalnej zmiany\u201d W marcu br.<\/div><a href=\"https:\/\/armz.pl\/?p=536\" title=\"Ma\u0142opolska Agencja Rozwoju Regionalnego S.A. zaprasza na konferencj\u0119 pt. \u201eNowa rzeczywisto\u015b\u0107 \u2013 wyzwania rynku pracy w czasach nieprzewidywalnej zmiany\u201d\"  class=\"mpc-button mpc-init mpc-transition \" ><div class=\"mpc-button__content mpc-effect-type--none mpc-effect-side--none\"><span class=\"mpc-button__title mpc-transition\">Czytaj wi\u0119cej<\/span><\/div><div class=\"mpc-button__background mpc-transition mpc-effect-type--fade mpc-effect-side--in\"><\/div><\/a><\/div><\/div><\/div><\/div><div class=\"mpc-navigation mpc-init mpc-align--right mpc-navigation--style_4  mpc-nav-preset--default\" data-mpcslider=\"mpc_carousel_posts-9969d022494132f\"><div class=\"mpc-nav__arrow mpcslick-prev\"><div class=\"mpc-nav__icon mpc-transition\"><i class=\" eti eti_arrow_carrot-left\"><div class=\"mpc-nav__background mpc-transition mpc-effect-type--slide mpc-effect-side--top\"><\/div><\/i><\/div><\/div><\/div><div class=\"mpc-navigation mpc-init mpc-align--right mpc-navigation--style_4  mpc-nav-preset--default\" data-mpcslider=\"mpc_carousel_posts-9969d022494132f\"><div class=\"mpc-nav__arrow mpcslick-next\"><div class=\"mpc-nav__icon mpc-transition\"><i class=\" eti eti_arrow_carrot-right\"><div class=\"mpc-nav__background mpc-transition mpc-effect-type--slide mpc-effect-side--top\"><\/div><\/i><\/div><\/div><\/div><\/div>[\/vc_column][\/vc_row][vc_row][vc_column][vc_separator color=&#8221;custom&#8221; el_width=&#8221;70&#8243; accent_color=&#8221;#000b77&#8243;][\/vc_column][\/vc_row][vc_row][vc_column][vc_column_text]<\/p>\n<h3 style=\"text-align: center;\"><strong>Aktualnie realizowane projekty<\/strong><\/h3>\n<p>[\/vc_column_text][\/vc_column][\/vc_row][vc_row full_width=&#8221;stretch_row_content&#8221;][vc_column width=&#8221;1\/6&#8243;][\/vc_column][vc_column width=&#8221;1\/6&#8243;][vc_column_text]<\/p>\n<p style=\"text-align: center;\"><a href=\"https:\/\/armz.pl\/?p=2957\"><span style=\"font-size: 12pt;\"><strong>Nowa praca w lepszym klimacie<\/strong><\/span><\/a><\/p>\n<p>[\/vc_column_text][vc_single_image image=&#8221;2960&#8243; img_size=&#8221;full&#8221; alignment=&#8221;center&#8221;][\/vc_column][vc_column width=&#8221;1\/6&#8243;][vc_column_text]<\/p>\n<p style=\"text-align: center;\"><a href=\"https:\/\/armz.pl\/?p=2943\"><span style=\"font-size: 12pt;\"><strong>Lepsza perspektywa<\/strong><\/span><\/a><\/p>\n<p>[\/vc_column_text][vc_single_image image=&#8221;2950&#8243; img_size=&#8221;full&#8221; alignment=&#8221;center&#8221;][\/vc_column][vc_column width=&#8221;1\/6&#8243;][vc_column_text]<\/p>\n<p style=\"text-align: center;\"><a href=\"https:\/\/armz.pl\/?p=703\"><span style=\"font-size: 12pt;\"><strong>MOWES II \u2013 Ma\u0142opolski O\u015brodek ES<\/strong><\/span><\/a><\/p>\n<p>[\/vc_column_text][vc_single_image image=&#8221;920&#8243; img_size=&#8221;full&#8221; alignment=&#8221;center&#8221;][\/vc_column][vc_column width=&#8221;1\/6&#8243;][vc_column_text css=&#8221;.vc_custom_1618817282005{margin-bottom: 12px !important;}&#8221;]<\/p>\n<p style=\"text-align: center;\"><a href=\"https:\/\/armz.pl\/?p=658\"><span style=\"font-size: 12pt;\"><strong>Projekt mi\u0119dzynarodowy 3.3.1<\/strong><\/span><\/a><\/p>\n<p>[\/vc_column_text][vc_single_image image=&#8221;921&#8243; img_size=&#8221;full&#8221; alignment=&#8221;center&#8221;][\/vc_column][vc_column width=&#8221;1\/6&#8243;][\/vc_column][\/vc_row]<\/p>\n<\/section>","protected":false},"excerpt":{"rendered":"<p>[vc_row css=&#8221;.vc_custom_1711542974764{margin-top: 20px !important;}&#8221;][vc_column][vc_column_text][\/vc_column_text][vc_separator color=&#8221;custom&#8221; el_width=&#8221;70&#8243; accent_color=&#8221;#000b77&#8243;][vc_column_text] \u201eUtworzenie innowacyjnych przestrzeni typu Fablab na terenie Ma\u0142opolski Zachodniej<\/p>\n","protected":false},"author":2,"featured_media":0,"parent":0,"menu_order":0,"comment_status":"closed","ping_status":"open","template":"","meta":{"footnotes":""},"class_list":["post-1086","page","type-page","status-publish","hentry"],"_links":{"self":[{"href":"https:\/\/armz.pl\/index.php?rest_route=\/wp\/v2\/pages\/1086","targetHints":{"allow":["GET"]}}],"collection":[{"href":"https:\/\/armz.pl\/index.php?rest_route=\/wp\/v2\/pages"}],"about":[{"href":"https:\/\/armz.pl\/index.php?rest_route=\/wp\/v2\/types\/page"}],"author":[{"embeddable":true,"href":"https:\/\/armz.pl\/index.php?rest_route=\/wp\/v2\/users\/2"}],"replies":[{"embeddable":true,"href":"https:\/\/armz.pl\/index.php?rest_route=%2Fwp%2Fv2%2Fcomments&post=1086"}],"version-history":[{"count":54,"href":"https:\/\/armz.pl\/index.php?rest_route=\/wp\/v2\/pages\/1086\/revisions"}],"predecessor-version":[{"id":3074,"href":"https:\/\/armz.pl\/index.php?rest_route=\/wp\/v2\/pages\/1086\/revisions\/3074"}],"wp:attachment":[{"href":"https:\/\/armz.pl\/index.php?rest_route=%2Fwp%2Fv2%2Fmedia&parent=1086"}],"curies":[{"name":"wp","href":"https:\/\/api.w.org\/{rel}","templated":true}]}}